000
CDUS44 KMRX 062121
CLITRI

CLIMATE REPORT NATIONAL WEATHER SERVICE MORRISTOWN TN
521 PM EDT WED MAY 6 2015

...................................

...THE TRI-CITIES  CLIMATE SUMMARY FOR MAY 6 2015... VALID TODAY AS
OF 500 PM LOCAL TIME.

CLIMATE NORMAL PERIOD 1981 TO 2010
CLIMATE RECORD PERIOD 1934 TO 2015


WEATHER ITEM   OBSERVED TIME   RECORD YEAR NORMAL DEPARTURE LAST
                VALUE   (LST)  VALUE       VALUE  FROM      YEAR
                                                  NORMAL
..................................................................
TEMPERATURE (F)
 TODAY
  MAXIMUM         87    211 PM  88    1949  73     14       84
                                      1941
  MINIMUM         54    600 AM  35    1968  48      6       53
                                      1954
  AVERAGE         71                        61     10       69

PRECIPITATION (IN)
  TODAY            T             2.34 1958   0.11  -0.11     0.00
  MONTH TO DATE    T                         0.70  -0.70      T
  SINCE MAR 1      8.88                      7.47   1.41     4.74
  SINCE JAN 1     14.21                     14.29  -0.08     9.80

SNOWFALL (IN)
  TODAY            0.0                       0.0    0.0      0.0
  MONTH TO DATE    0.0                       0.0    0.0      0.0
  SINCE MAR 1      T                         2.5   -2.5      0.7
  SINCE JUL 1     15.5                      13.3    2.2     13.0
  SNOW DEPTH       0

DEGREE DAYS
 HEATING
  TODAY            0                         5     -5        0
  MONTH TO DATE   28                        33     -5       30
  SINCE MAR 1    736                       905   -169      865
  SINCE JUL 1   4363                      4287     76     4360

 COOLING
  TODAY            6                         1      5        4
  MONTH TO DATE    8                         6      2        6
  SINCE MAR 1     18                        17      1       27
  SINCE JAN 1     18                        17      1       27
..................................................................


WIND (MPH)
  HIGHEST WIND SPEED    13   HIGHEST WIND DIRECTION     S (170)
  HIGHEST GUST SPEED    16   HIGHEST GUST DIRECTION     S (170)
  AVERAGE WIND SPEED     0.8


SKY COVER
  POSSIBLE SUNSHINE  MM
  AVERAGE SKY COVER 0.4


WEATHER CONDITIONS
 THE FOLLOWING WEATHER WAS RECORDED TODAY.
  THUNDERSTORM
  LIGHT RAIN


RELATIVE HUMIDITY (PERCENT)
 HIGHEST    93           500 AM
 LOWEST     32           200 PM
 AVERAGE    63

..........................................................


THE TRI-CITIES      ASOS CLIMATE NORMALS FOR TOMORROW
                         NORMAL    RECORD    YEAR
 MAXIMUM TEMPERATURE (F)   74        88      2014
                                             1940
 MINIMUM TEMPERATURE (F)   49        33      1989


SUNRISE AND SUNSET
MAY  6 2015...........SUNRISE   631 AM EDT   SUNSET   822 PM EDT
MAY  7 2015...........SUNRISE   630 AM EDT   SUNSET   823 PM EDT


-  INDICATES NEGATIVE NUMBERS.
R  INDICATES RECORD WAS SET OR TIED.
MM INDICATES DATA IS MISSING.
T  INDICATES TRACE AMOUNT.




$$
