000
CDUS44 KTSA 050651
CLITUL

CLIMATE REPORT
NATIONAL WEATHER SERVICE TULSA OK
147 AM CDT TUE MAY 5 2015


...................................

...THE TULSA OKLAHOMA CLIMATE SUMMARY FOR MAY 4 2015...

CLIMATE NORMAL PERIOD 1981 TO 2010
CLIMATE RECORD PERIOD 1882 TO 2015


WEATHER ITEM   OBSERVED TIME   RECORD YEAR NORMAL DEPARTURE LAST
                VALUE   (LST)  VALUE       VALUE  FROM      YEAR
                                                  NORMAL
..................................................................
TEMPERATURE (F)
 YESTERDAY
  MAXIMUM         83    433 PM  96    1920  77      6       94
  MINIMUM         63   1159 PM  36    1954  56      7       63
                                      1907
  AVERAGE         73                        66      7       79

PRECIPITATION (IN)
  YESTERDAY        0.00          3.70 1898   0.19  -0.19     0.00
  MONTH TO DATE    0.00                      0.73  -0.73     0.00
  SINCE MAR 1      7.81                      7.81   0.00     4.49
  SINCE JAN 1     10.13                     11.32  -1.19     4.94

DEGREE DAYS
 COOLING
  YESTERDAY        8                         3      5       14
  MONTH TO DATE   18                        12      6       18
  SINCE MAR 1     92                        76     16       52
  SINCE JAN 1     92                        77     15       52
..................................................................


WIND (MPH)
  HIGHEST WIND SPEED    23   HIGHEST WIND DIRECTION     S (170)
  HIGHEST GUST SPEED    29   HIGHEST GUST DIRECTION     S (170)
  AVERAGE WIND SPEED    12.5


SKY COVER
  POSSIBLE SUNSHINE  MM
  AVERAGE SKY COVER 0.7


WEATHER CONDITIONS
 THE FOLLOWING WEATHER WAS RECORDED YESTERDAY.
  NO SIGNIFICANT WEATHER WAS OBSERVED.


RELATIVE HUMIDITY (PERCENT)
 HIGHEST    73           500 AM
 LOWEST     42           600 PM
 AVERAGE    58

..........................................................


THE TULSA OKLAHOMA CLIMATE NORMALS FOR TODAY
                         NORMAL    RECORD    YEAR
 MAXIMUM TEMPERATURE (F)   77        92      2014
                                             1952
 MINIMUM TEMPERATURE (F)   56        36      1907


SUNRISE AND SUNSET
MAY  5 2015...........SUNRISE   627 AM CDT   SUNSET   814 PM CDT
MAY  6 2015...........SUNRISE   626 AM CDT   SUNSET   815 PM CDT


-  INDICATES NEGATIVE NUMBERS.
R  INDICATES RECORD WAS SET OR TIED.
MM INDICATES DATA IS MISSING.
T  INDICATES TRACE AMOUNT.




$$

&&
...........................................................

THE TULSA PRECIPITATION NORMALS FOR TODAY
                       NORMAL    RECORD      YEAR
  TODAY                 0.19      2.88       1913
  MONTH TO DATE         0.92
  YEAR TO DATE         11.51
...........................................................
ALL DATA MEASURED AT THE TULSA INTERNATIONAL AIRPORT...
EXCEPT SNOWFALL...WHICH IS MEASURED AT THE NWS OFFICE.
