000
CDUS45 KTWC 250731
CLITUS

CLIMATE REPORT
NATIONAL WEATHER SERVICE TUCSON AZ
1230 AM MST SAT APR 25 2015


...................................

...THE TUCSON AZ CLIMATE SUMMARY FOR APRIL 24 2015...

CLIMATE NORMAL PERIOD 1981 TO 2010
CLIMATE RECORD PERIOD 1895 TO 2015


WEATHER ITEM   OBSERVED TIME   RECORD YEAR NORMAL DEPARTURE LAST
                VALUE   (LST)  VALUE       VALUE  FROM      YEAR
                                                  NORMAL
..................................................................
TEMPERATURE (F)
 YESTERDAY
  MAXIMUM         77    435 PM  99    1996  85     -8       89
  MINIMUM         54    336 AM  35    1937  54      0       53
  AVERAGE         66                        69     -3       71

PRECIPITATION (IN)
  YESTERDAY        0.00          0.40 1930   0.00   0.00     0.00
  MONTH TO DATE    T                         0.27  -0.27      T
  SINCE OCT 1      6.95                      5.19   1.76     3.64
  SINCE JAN 1      3.45                      2.80   0.65     0.59

DEGREE DAYS
 HEATING
  YESTERDAY        0                         1     -1        0
  MONTH TO DATE   11                        54    -43       21
  SINCE MAR 1     58                       233   -175       63
  SINCE JUL 1    900                      1500   -600      896

 COOLING
  YESTERDAY        1                         6     -5        6
  MONTH TO DATE  104                        83     21      141
  SINCE MAR 1    197                       112     85      171
  SINCE JAN 1    205                       116     89      195
..................................................................


WIND (MPH)
  HIGHEST WIND SPEED    18   HIGHEST WIND DIRECTION    SW (240)
  HIGHEST GUST SPEED    25   HIGHEST GUST DIRECTION    SW (230)
  AVERAGE WIND SPEED     8.4


SKY COVER
  POSSIBLE SUNSHINE  MM
  AVERAGE SKY COVER 0.4


WEATHER CONDITIONS
 THE FOLLOWING WEATHER WAS RECORDED YESTERDAY.
  NO SIGNIFICANT WEATHER WAS OBSERVED.


RELATIVE HUMIDITY (PERCENT)
 HIGHEST    57
 LOWEST     19
 AVERAGE    38

..........................................................


THE TUCSON AZ CLIMATE NORMALS FOR TODAY
                         NORMAL    RECORD    YEAR
 MAXIMUM TEMPERATURE (F)   85        99      1910
 MINIMUM TEMPERATURE (F)   55        34      1960


SUNRISE AND SUNSET
APRIL 25 2015.........SUNRISE   544 AM MST   SUNSET   700 PM MST
APRIL 26 2015.........SUNRISE   543 AM MST   SUNSET   701 PM MST


-  INDICATES NEGATIVE NUMBERS.
R  INDICATES RECORD WAS SET OR TIED.
MM INDICATES DATA IS MISSING.
T  INDICATES TRACE AMOUNT.




$$
