000
CDUS43 KAPX 062154
CLITVC


CLIMATE REPORT
NATIONAL WEATHER SERVICE GAYLORD MI
553 PM EDT WED MAY 6 2015


...................................

...THE TRAVERSE CITY MI CLIMATE SUMMARY FOR MAY 6 2015...
VALID TODAY AS OF 0500 PM LOCAL TIME.

CLIMATE NORMAL PERIOD 1981 TO 2010
CLIMATE RECORD PERIOD 1896 TO 2015


WEATHER ITEM   OBSERVED TIME   RECORD YEAR NORMAL DEPARTURE LAST
                VALUE   (LST)  VALUE       VALUE  FROM      YEAR
                                                  NORMAL
..................................................................
TEMPERATURE (F)
 TODAY
  MAXIMUM         73    134 PM  89    1959  63     10       59
  MINIMUM         39    536 AM  20    1968  38      1       29
  AVERAGE         56                        50      6       44

PRECIPITATION (IN)
  TODAY            T             1.45 1983   0.08  -0.08     0.00
  MONTH TO DATE    0.02                      0.48  -0.46     0.33
  SINCE MAR 1      1.95                      5.12  -3.17     5.41
  SINCE JAN 1      2.73                      9.44  -6.71     6.83

DEGREE DAYS
 HEATING
  TODAY            9                        15     -6       21
  MONTH TO DATE   56                        95    -39      126
  SINCE MAR 1   1789                      1822    -33     2158
  SINCE JUL 1   7521                      7162    359     7880

 COOLING
  TODAY            0                         0      0        0
  MONTH TO DATE    5                         0      5        0
  SINCE MAR 1      5                         3      2        0
  SINCE JAN 1      5                         3      2        0
..................................................................


WIND (MPH)
  RESULTANT WIND SPEED   2   RESULTANT WIND DIRECTION  NE (60)
  HIGHEST WIND SPEED    12   HIGHEST WIND DIRECTION     N (10)
  HIGHEST GUST SPEED    13   HIGHEST GUST DIRECTION     N (20)
  AVERAGE WIND SPEED     2.9


SKY COVER
  POSSIBLE SUNSHINE  MM
  AVERAGE SKY COVER 0.5


WEATHER CONDITIONS
 THE FOLLOWING WEATHER WAS RECORDED TODAY.
  LIGHT RAIN


RELATIVE HUMIDITY (PERCENT)
 HIGHEST    85           500 AM
 LOWEST     47           200 PM
 AVERAGE    66

..........................................................




SUNRISE AND SUNSET
MAY  6 2015...........SUNRISE   626 AM EDT   SUNSET   853 PM EDT
MAY  7 2015...........SUNRISE   624 AM EDT   SUNSET   854 PM EDT


-  INDICATES NEGATIVE NUMBERS.
R  INDICATES RECORD WAS SET OR TIED.
MM INDICATES DATA IS MISSING.
T  INDICATES TRACE AMOUNT.




$$
