000
CDUS46 KSEW 180830
CLIUIL


CLIMATE REPORT
NATIONAL WEATHER SERVICE SEATTLE WA
130 AM PDT SAT APR 18 2015


...................................

...THE QUILLAYUTE WA AIRPORT CLIMATE SUMMARY FOR APRIL 17 2015...

CLIMATE NORMAL PERIOD 1981 TO 2010
CLIMATE RECORD PERIOD 1966 TO 2015


WEATHER ITEM   OBSERVED TIME   RECORD YEAR NORMAL DEPARTURE LAST
                VALUE   (LST)  VALUE       VALUE  FROM      YEAR
                                                  NORMAL
..................................................................
TEMPERATURE (F)
 YESTERDAY
  MAXIMUM         61   1153 AM  77    1983  55      6       50
  MINIMUM         42    334 AM  28    2000  39      3       44
  AVERAGE         52                        47      5       47

PRECIPITATION (IN)
  YESTERDAY        0.00          1.71 2014   0.26  -0.26     1.71
  MONTH TO DATE    4.19                      4.79  -0.60     5.67
  SINCE OCT 1     83.48                     79.58   3.90    61.28
  SINCE JAN 1     38.73                     40.58  -1.85    44.05

DEGREE DAYS
 HEATING
  YESTERDAY       13                        18     -5       18
  MONTH TO DATE  328                       324      4      294
  SINCE MAR 1    866                       972   -106      880
  SINCE JUL 1   3776                      4817  -1041     4074

 COOLING
  YESTERDAY        0                         0      0        0
  MONTH TO DATE    0                         0      0        0
  SINCE MAR 1      0                         0      0        0
  SINCE JAN 1      0                         0      0        0
..................................................................


WIND (MPH)
  RESULTANT WIND SPEED   4   RESULTANT WIND DIRECTION   N (340)
  HIGHEST WIND SPEED    15   HIGHEST WIND DIRECTION     W (290)
  HIGHEST GUST SPEED    21   HIGHEST GUST DIRECTION     W (280)
  AVERAGE WIND SPEED     4.9


SKY COVER
  AVERAGE SKY COVER 0.4


WEATHER CONDITIONS
 THE FOLLOWING WEATHER WAS RECORDED YESTERDAY.
  FOG


RELATIVE HUMIDITY (PERCENT)
 HIGHEST   100          1200 AM
 LOWEST     55          1100 AM
 AVERAGE    78

..........................................................


THE QUILLAYUTE WA AIRPORT CLIMATE NORMALS FOR TODAY
                         NORMAL    RECORD    YEAR
 MAXIMUM TEMPERATURE (F)   55        72      1981
 MINIMUM TEMPERATURE (F)   39        29      1981


SUNRISE AND SUNSET
APRIL 18 2015.........SUNRISE   623 AM PDT   SUNSET   813 PM PDT
APRIL 19 2015.........SUNRISE   622 AM PDT   SUNSET   814 PM PDT


-  INDICATES NEGATIVE NUMBERS.
R  INDICATES RECORD WAS SET OR TIED.
MM INDICATES DATA IS MISSING.
T  INDICATES TRACE AMOUNT.




$$
