000
CDUS46 KEKA 051210
CLIUKI


CLIMATE REPORT
NATIONAL WEATHER SERVICE EUREKA CA
509 AM PDT TUE MAY 5 2015


...................................

...THE UKIAH CA CLIMATE SUMMARY FOR MAY 4 2015...

CLIMATE NORMAL PERIOD 1981 TO 2010
CLIMATE RECORD PERIOD 1903 TO 2015


WEATHER ITEM   OBSERVED TIME   RECORD YEAR NORMAL DEPARTURE LAST
                VALUE   (LST)  VALUE       VALUE  FROM      YEAR
                                                  NORMAL
..................................................................
TEMPERATURE (F)
 YESTERDAY
  MAXIMUM         81    252 PM  97    1987  74      7       69
  MINIMUM         50    109 AM  34    1920  45      5       48
  AVERAGE         66                        60      6       59

PRECIPITATION (IN)
  YESTERDAY        0.00          1.13 2009   0.08  -0.08     0.00
  MONTH TO DATE    0.00                      0.28  -0.28     0.00
  SINCE OCT 1     25.44                     35.28  -9.84    17.97
  SINCE JAN 1      7.67                     21.90 -14.23    16.63

SNOWFALL (IN)
  YESTERDAY        0.0          MM      MM  MM     MM        0.0
  MONTH TO DATE    0.0                      MM     MM        0.0
  SINCE MAR 1      0.0                      MM     MM        0.0
  SINCE JUL 1      0.0                      MM     MM        0.0
  SNOW DEPTH       0

DEGREE DAYS
 HEATING
  YESTERDAY        0                         6     -6        6
  MONTH TO DATE    1                        25    -24       11
  SINCE MAR 1    404                       738   -334      479
  SINCE JUL 1   1918                      2971  -1053     2486

 COOLING
  YESTERDAY        1                         1      0        0
  MONTH TO DATE    7                         4      3        6
  SINCE MAR 1     21                        12      9       18
  SINCE JAN 1     21                        12      9       18
..................................................................


WIND (MPH)
  HIGHEST WIND SPEED    15   HIGHEST WIND DIRECTION     N (340)
  HIGHEST GUST SPEED    20   HIGHEST GUST DIRECTION    NW (330)
  AVERAGE WIND SPEED     4.2


SKY COVER
  AVERAGE SKY COVER 0.4


WEATHER CONDITIONS
 THE FOLLOWING WEATHER WAS RECORDED YESTERDAY.
  NO SIGNIFICANT WEATHER WAS OBSERVED.


RELATIVE HUMIDITY (PERCENT)
 HIGHEST    89
 LOWEST     28
 AVERAGE    59

..........................................................


THE UKIAH CA CLIMATE NORMALS FOR TODAY
                         NORMAL    RECORD    YEAR
 MAXIMUM TEMPERATURE (F)   75        98      1987
 MINIMUM TEMPERATURE (F)   46        32      1924


SUNRISE AND SUNSET
MAY  5 2015...........SUNRISE   610 AM PDT   SUNSET   810 PM PDT
MAY  6 2015...........SUNRISE   609 AM PDT   SUNSET   811 PM PDT


-  INDICATES NEGATIVE NUMBERS.
R  INDICATES RECORD WAS SET OR TIED.
MM INDICATES DATA IS MISSING.
T  INDICATES TRACE AMOUNT.




$$
