000
CDUS42 KTAE 050632
CLIVLD


CLIMATE REPORT
NATIONAL WEATHER SERVICE TALLAHASSEE FL
232 AM EDT TUE MAY 5 2015


...................................

...THE VALDOSTA CLIMATE SUMMARY FOR MAY 4 2015...

CLIMATE NORMAL PERIOD 1981 TO 2010
CLIMATE RECORD PERIOD 1948 TO 2015


WEATHER ITEM   OBSERVED TIME   NORMAL DEPARTURE LAST
                VALUE   (LST)  VALUE  FROM      YEAR
                                      NORMAL
......................................................
TEMPERATURE (F)
 YESTERDAY
  MAXIMUM         85    236 PM  84      1       90
  MINIMUM         53    602 AM  57     -4       53
  AVERAGE         69            71     -2       72

PRECIPITATION (IN)
  YESTERDAY        0.00          0.06  -0.06     0.00
  MONTH TO DATE    0.00          0.21  -0.21     0.55
  SINCE MAR 1      7.34          7.95  -0.61    13.60
  SINCE JAN 1     16.50         16.68  -0.18    19.74

DEGREE DAYS
 COOLING
  YESTERDAY        4             6     -2        7
  MONTH TO DATE    7            23    -16       13
  SINCE MAR 1    304           148    156      219
  SINCE JAN 1    308           158    150      251
......................................................


WIND (MPH)
  HIGHEST WIND SPEED    18   HIGHEST WIND DIRECTION    SE (120)
  HIGHEST GUST SPEED    25   HIGHEST GUST DIRECTION    SE (120)
  AVERAGE WIND SPEED     4.7




RELATIVE HUMIDITY (PERCENT)
 HIGHEST    93
 LOWEST     33
 AVERAGE    63

..........................................................




SUNRISE AND SUNSET
MAY  5 2015...........SUNRISE   646 AM EDT   SUNSET   814 PM EDT
MAY  6 2015...........SUNRISE   645 AM EDT   SUNSET   815 PM EDT


-  INDICATES NEGATIVE NUMBERS.
R  INDICATES RECORD WAS SET OR TIED.
MM INDICATES DATA IS MISSING.
T  INDICATES TRACE AMOUNT.




$$
