000
CDUS43 KLBF 210932
CLIVTN

CLIMATE REPORT
NATIONAL WEATHER SERVICE NORTH PLATTE
431 AM CDT TUE APR 21 2015


...................................

...THE VALENTINE NE CLIMATE SUMMARY FOR APRIL 20 2015...

CLIMATE NORMAL PERIOD 1981 TO 2010
CLIMATE RECORD PERIOD 1885 TO 2015


WEATHER ITEM   OBSERVED TIME   RECORD YEAR NORMAL DEPARTURE LAST
                VALUE   (LST)  VALUE       VALUE  FROM      YEAR
                                                  NORMAL
..................................................................
TEMPERATURE (F)
 YESTERDAY
  MAXIMUM         54    454 PM  92    1980  62     -8       82
  MINIMUM         28    447 AM   6    1966  35     -7       31
  AVERAGE         41                        48     -7       57

PRECIPITATION (IN)
  YESTERDAY        0.00          1.29 1912   0.09  -0.09     0.07
  MONTH TO DATE    1.60                      1.34   0.26     0.51
  SINCE MAR 1      1.63                      2.41  -0.78     1.00
  SINCE JAN 1      2.25                      3.15  -0.90     1.66

SNOWFALL (IN)
  YESTERDAY        0.0           5.4  1909   0.1   -0.1      0.0
  MONTH TO DATE    0.3                       3.5   -3.2      3.3
  SINCE MAR 1      0.8                      10.0   -9.2      8.3
  SINCE JUL 1     22.5                      32.1   -9.6     34.8
  SNOW DEPTH       0

DEGREE DAYS
 HEATING
  YESTERDAY       24                        17      7        8
  MONTH TO DATE  326                       407    -81      402
  SINCE MAR 1   1013                      1300   -287     1371
  SINCE JUL 1   6139                      6536   -397     6849

 COOLING
  YESTERDAY        0                         0      0        0
  MONTH TO DATE    0                         0      0        0
  SINCE MAR 1      2                         0      2        0
  SINCE JAN 1      2                         0      2        0
..................................................................


WIND (MPH)
  HIGHEST WIND SPEED    28   HIGHEST WIND DIRECTION    NW (330)
  HIGHEST GUST SPEED    43   HIGHEST GUST DIRECTION    NW (320)
  AVERAGE WIND SPEED    14.1


SKY COVER
  POSSIBLE SUNSHINE  MM
  AVERAGE SKY COVER 0.5


WEATHER CONDITIONS
 THE FOLLOWING WEATHER WAS RECORDED YESTERDAY.
  NO SIGNIFICANT WEATHER WAS OBSERVED.


RELATIVE HUMIDITY (PERCENT)
 HIGHEST    85           200 AM
 LOWEST     26           500 PM
 AVERAGE    56

..........................................................


THE VALENTINE NE CLIMATE NORMALS FOR TODAY
                         NORMAL    RECORD    YEAR
 MAXIMUM TEMPERATURE (F)   63        96      1980
 MINIMUM TEMPERATURE (F)   35        13      1966


SUNRISE AND SUNSET
APRIL 21 2015.........SUNRISE   651 AM CDT   SUNSET   831 PM CDT
APRIL 22 2015.........SUNRISE   650 AM CDT   SUNSET   832 PM CDT


-  INDICATES NEGATIVE NUMBERS.
R  INDICATES RECORD WAS SET OR TIED.
MM INDICATES DATA IS MISSING.
T  INDICATES TRACE AMOUNT.




$$
