000
CDUS46 KLOX 200120
CLIWJF


CLIMATE REPORT
NATIONAL WEATHER SERVICE LOS ANGELES/OXNARD CA
620 PM PDT SUN APR 19 2015


...................................

...THE LANCASTER CLIMATE SUMMARY FOR APRIL 19 2015...
VALID TODAY AS OF 0600 PM LOCAL TIME.

CLIMATE NORMAL PERIOD 1981 TO 2010
CLIMATE RECORD PERIOD 1948 TO 2015


WEATHER ITEM   OBSERVED TIME   RECORD YEAR NORMAL DEPARTURE LAST
                VALUE   (LST)  VALUE       VALUE  FROM      YEAR
                                                  NORMAL
..................................................................
TEMPERATURE (F)
 TODAY
  MAXIMUM         86    154 PM  94    1950  74     12       82
  MINIMUM         44    538 AM  29    2007  46     -2       48
  AVERAGE         65                        60      5       65

PRECIPITATION (IN)
  TODAY            0.00          0.08 2001   0.01  -0.01     0.00
  MONTH TO DATE    0.01                      0.26  -0.25     0.09
  SINCE OCT 1      4.33                      6.81  -2.48     3.77
  SINCE JAN 1      1.41                      4.68  -3.27     2.18

SNOWFALL (IN)
  TODAY            0.0           0.0    MM   0.0             0.0
  MONTH TO DATE    0.0                       0.0             0.0
  SINCE MAR 1      0.0                       0.0             0.0
  SINCE JUL 1      0.0                       2.3             0.0
  SNOW DEPTH       0

DEGREE DAYS
 HEATING
  TODAY            0                         6     -6        0
  MONTH TO DATE  141                       154    -13      100
  SINCE MAR 1    359                       522   -163      387
  SINCE JUL 1   2228                      2815   -587     2624

 COOLING
  TODAY            0                         1     -1        0
  MONTH TO DATE    3                        10     -7       16
  SINCE MAR 1      9                        12     -3       16
  SINCE JAN 1      9                        12     -3       22
..................................................................


WIND (MPH)
  HIGHEST WIND SPEED    23   HIGHEST WIND DIRECTION    SW (240)
  HIGHEST GUST SPEED    30   HIGHEST GUST DIRECTION    SW (220)
  AVERAGE WIND SPEED     7.8


SKY COVER
  POSSIBLE SUNSHINE  MM
  AVERAGE SKY COVER 0.0


WEATHER CONDITIONS
 THE FOLLOWING WEATHER WAS RECORDED TODAY.
  NO SIGNIFICANT WEATHER WAS OBSERVED.


RELATIVE HUMIDITY (PERCENT)
 HIGHEST    46           500 AM
 LOWEST     10          1200 PM
 AVERAGE    28

..........................................................


THE LANCASTER CLIMATE NORMALS FOR TOMORROW
                         NORMAL    RECORD    YEAR
 MAXIMUM TEMPERATURE (F)   74        97      1950
 MINIMUM TEMPERATURE (F)   46        31      1966


SUNRISE AND SUNSET
APRIL 19 2015.........SUNRISE   616 AM PDT   SUNSET   728 PM PDT
APRIL 20 2015.........SUNRISE   615 AM PDT   SUNSET   729 PM PDT


-  INDICATES NEGATIVE NUMBERS.
R  INDICATES RECORD WAS SET OR TIED.
MM INDICATES DATA IS MISSING.
T  INDICATES TRACE AMOUNT.




$$
