000
CDUS45 KRIW 060735
CLIWRL


CLIMATE REPORT
NATIONAL WEATHER SERVICE RIVERTON WY
135 AM MDT WED MAY 6 2015


...................................

...THE WORLAND WY CLIMATE SUMMARY FOR MAY 5 2015...

CLIMATE NORMAL PERIOD 1981 TO 2010
CLIMATE RECORD PERIOD 1947 TO 2015


WEATHER ITEM   OBSERVED TIME   RECORD YEAR NORMAL DEPARTURE LAST
                VALUE   (LST)  VALUE       VALUE  FROM      YEAR
                                                  NORMAL
..................................................................
TEMPERATURE (F)
 YESTERDAY
  MAXIMUM         79    412 PM  91    1966  66     13       73
  MINIMUM         45    438 AM  23    2010  37      8       42
  AVERAGE         62                        52     10       58

PRECIPITATION (IN)
  YESTERDAY        T             2.12 1993   0.04  -0.04      T
  MONTH TO DATE    T                         0.21  -0.21      T
  SINCE MAR 1      0.35                      1.53  -1.18     0.69
  SINCE JAN 1      1.12                      1.95  -0.83     1.07

DEGREE DAYS
 HEATING
  YESTERDAY        3                        13    -10        7
  MONTH TO DATE   33                        70    -37       50
  SINCE MAR 1   1298                      1536   -238     1572
  SINCE JUL 1   7207                      7537   -330     7952

 COOLING
  YESTERDAY        0                         0      0        0
  MONTH TO DATE    0                         0      0        0
  SINCE MAR 1      0                         1     -1        0
  SINCE JAN 1      0                         1     -1        0
..................................................................


WIND (MPH)
  HIGHEST WIND SPEED    22   HIGHEST WIND DIRECTION    SE (150)
  HIGHEST GUST SPEED    26   HIGHEST GUST DIRECTION     N (360)
  AVERAGE WIND SPEED     6.8


SKY COVER
  POSSIBLE SUNSHINE  MM
  AVERAGE SKY COVER 0.1


WEATHER CONDITIONS
 THE FOLLOWING WEATHER WAS RECORDED YESTERDAY.
  LIGHT RAIN


RELATIVE HUMIDITY (PERCENT)
 HIGHEST    77           400 AM
 LOWEST     21           400 PM
 AVERAGE    49

..........................................................


THE WORLAND WY CLIMATE NORMALS FOR TODAY
                         NORMAL    RECORD    YEAR
 MAXIMUM TEMPERATURE (F)   67        95      1966
 MINIMUM TEMPERATURE (F)   38        26      1982


SUNRISE AND SUNSET
MAY  6 2015...........SUNRISE   557 AM MDT   SUNSET   821 PM MDT
MAY  7 2015...........SUNRISE   556 AM MDT   SUNSET   822 PM MDT


-  INDICATES NEGATIVE NUMBERS.
R  INDICATES RECORD WAS SET OR TIED.
MM INDICATES DATA IS MISSING.
T  INDICATES TRACE AMOUNT.




$$
