000
CXAK58 PADQ 011335
CLMADQ

CLIMATE REPORT
NATIONAL WEATHER SERVICE KODIAK, AK
535 AM AKDT WED APR 1 2015

...................................

...THE KODIAK AP CLIMATE SUMMARY FOR THE MONTH OF MARCH 2015...

CLIMATE NORMAL PERIOD 1981 TO 2010
CLIMATE RECORD PERIOD 1949 TO 2015

WEATHER         OBSERVED          NORMAL  DEPART  LAST YEAR`S
                 VALUE   DATE(S)  VALUE   FROM    VALUE  DATE(S)
                                          NORMAL
................................................................
TEMPERATURE (F)
RECORD
 HIGH              57   3/24/1963
 LOW               -6   3/06/1971
HIGHEST            47   3/26         47       0      46  3/30
LOWEST             13                13       0       9  3/15
AVG. MAXIMUM       40.9              37.9     3.0    40.4
AVG. MINIMUM       32.2              27.7     4.5    26.6
MEAN               36.6              32.8     3.8    33.5
DAYS MAX >= 90      0                 0.0     0.0     0
DAYS MAX <= 32      5                 4.2     0.8     2
DAYS MAX >= 80      0                 0.0     0.0     0
DAYS MAX >= 70      0                 0.0     0.0     0
DAYS MIN <= 32     10                21.7   -11.7    26
DAYS MIN <= 0       0                 0.0     0.0     0

PRECIPITATION (INCHES)
RECORD
 MAXIMUM           12.73   1998
 MINIMUM            0.67   1991
TOTALS              7.53              5.53    2.00    3.96
DAILY AVG.          0.24              0.17    0.07    0.13
DAYS >= .01        21                17.6     3.4    12
DAYS >= .10        13                11.4     1.6     7
DAYS >= .50         6                 3.9     2.1     3
DAYS >= 1.0         2                 1.0     1.0     2
GREATEST
 24 HR TOTAL        1.68   3/02                       1.13  3/12

SNOWFALL (INCHES)
RECORDS
 TOTAL             74.5   1956
 24 HR TOTAL       17.8   3-22-1956
 SNOW DEPTH        35     3-24-1956
TOTALS              1.5              11.3    -9.8    11.5
SINCE 7/1          16.9              65.8   -48.9    42.5
SNOWDEPTH AVG.      0                 0       0       0
DAYS >= TRACE       6                17.1   -11.1    15
DAYS >= 1.0         0                 3.6    -3.6     3
DAYS >= 6.0         0                 0.4    -0.4     0
GREATEST
 SNOW DEPTH         0   3/14                          4  3/15
 24 HR TOTAL      0.8   3/15                        5.2  3/10

DEGREE_DAYS
HEATING TOTAL     876               998    -122     970
 SINCE 7/1       5794              6871   -1077    6256
COOLING TOTAL       0                 0       0       0
 SINCE 1/1          0                 0       0       0
................................................................

WIND (MPH)
AVERAGE WIND SPEED               11.9
HIGHEST WIND SPEED/DIRECTION     37/070    DATE   03/27
HIGHEST GUST SPEED/DIRECTION     47/050    DATE   03/25

SKY COVER
POSSIBLE SUNSHINE (PERCENT)   MM
AVERAGE SKY COVER             MM
NUMBER OF DAYS FAIR           MM
NUMBER OF DAYS PC             MM
NUMBER OF DAYS CLOUDY         MM

AVERAGE RH (PERCENT)     MM

WEATHER CONDITIONS. NUMBER OF DAYS WITH
THUNDERSTORM              0     ICE PELLETS                 0
RAIN                     24     GLAZE                       0
DRIZZLE                   0     HAIL                        0
SNOW                      6     HAZE                        1
FOG                      23     FOG W/VIS <= 1/4 MILE       0
BLOWING SNOW              1


-  INDICATES NEGATIVE NUMBERS.
R  INDICATES RECORD WAS SET OR TIED.
MM INDICATES DATA IS MISSING.
T  INDICATES TRACE AMOUNT.

&&


$$
LRM APR 15
