000
CXUS52 KGSP 011215
CLMAVL

CLIMATE REPORT
NATIONAL WEATHER SERVICE GREENVILLE-SPARTANBURG SC
809 AM EDT WED APR 1 2015

...................................

...THE ASHEVILLE CLIMATE SUMMARY FOR THE MONTH OF MARCH 2015...

CLIMATE NORMAL PERIOD 1981 TO 2010
CLIMATE RECORD PERIOD 1869 TO 2015

WEATHER         OBSERVED          NORMAL  DEPART  LAST YEAR`S
                 VALUE   DATE(S)  VALUE   FROM    VALUE  DATE(S)
                                          NORMAL
................................................................
TEMPERATURE (F)
RECORD
 HIGH              87   03/25/1929
 LOW                2   03/15/1993
HIGHEST            78   03/16        MM      MM       75  03/11
LOWEST             19   03/06        MM      MM       22  03/14
AVG. MAXIMUM     62.5              58.7     3.8     56.8
AVG. MINIMUM     39.5              35.5     4.0     32.1
MEAN             51.0              47.1     3.9     44.5
DAYS MAX >= 90      0               0.0     0.0        0
DAYS MAX <= 32      0               0.3    -0.3        0
DAYS MIN <= 32      7              11.2    -4.2       18
DAYS MIN <= 0       0               0.0     0.0        0

PRECIPITATION (INCHES)
RECORD
 MAXIMUM         9.86   1975
 MINIMUM         0.72   1910
TOTALS           2.12              3.83   -1.71     2.30
DAILY AVG.       0.07              0.12   -0.05     0.07
DAYS >= .01        14              11.0     3.0        9
DAYS >= .10         9               6.7     2.3        7
DAYS >= .50         0               2.5    -2.5        1
DAYS >= 1.00        0               1.0    -1.0        0
GREATEST
 24 HR. TOTAL    0.46   03/04 TO 03/05           03/16 TO 03/16
                                                          03/16 TO 03/16
                                                          03/16 TO 03/16
 STORM TOTAL       MM                                 MM
 (MM/DD(HH))            MM                    03/16(00) TO 03/16(00)
                                                 03/16(00) TO 03/16(00)6
                                                 03/16(00) TO 03/16(00)6

SNOWFALL (INCHES)
RECORDS
 TOTAL           28.9   1960
 24 HR TOTAL     16.5   03/13/1993 TO 03/14/1993
 SNOW DEPTH        18   03/14/1993
TOTALS              T               1.9    -1.9      0.4
 LIQUID EQUIV      MM              0.20      MM     0.04
SINCE 7/1        13.3               9.2     4.1      9.8
 LIQUID 7/1      1.33              0.90    0.43     0.98
SNOWDEPTH AVG.      0                MM      MM        0
DAYS >= TRACE       2               0.9     1.1        7
DAYS >= 1.0         0               0.4    -0.4        0
GREATEST
 SNOW DEPTH         0   MM                             0  MM
 24 HR TOTAL        T   03/28 TO 03/28           03/16 TO 03/16
                                                          03/16 TO 03/16
                                                          03/16 TO 03/16
 STORM TOTAL       MM                                 MM
 (MM/DD(HH))            MM                    03/16(00) TO 03/16(00)
                                                 03/16(00) TO 03/16(00)6
                                                 03/16(00) TO 03/16(00)6

DEGREE_DAYS
HEATING TOTAL     425               555    -130      629
 SINCE 7/1       3734              3772     -38     3948
COOLING TOTAL       0                 1      -1        0
 SINCE 1/1          0                 1      -1        0

FREEZE DATES
RECORD
 EARLIEST     MM
 LATEST       MM
EARLIEST                        MM
LATEST                          MM
.......................................................

WIND (MPH)
AVERAGE WIND SPEED              8.2
HIGHEST WIND SPEED/DIRECTION    33/330    DATE  03/05
HIGHEST GUST SPEED/DIRECTION    44/340    DATE  03/05

SKY COVER
POSSIBLE SUNSHINE (PERCENT)   MM
AVERAGE SKY COVER           0.50
NUMBER OF DAYS FAIR           14
NUMBER OF DAYS PC              4
NUMBER OF DAYS CLOUDY         13

AVERAGE RH (PERCENT)     64

WEATHER CONDITIONS. NUMBER OF DAYS WITH
THUNDERSTORM              0     MIXED PRECIP               0
HEAVY RAIN                2     RAIN                       6
LIGHT RAIN               15     FREEZING RAIN              0
LT FREEZING RAIN          1     HAIL                       0
HEAVY SNOW                0     SNOW                       0
LIGHT SNOW                2     SLEET                      0
FOG                      19     FOG W/VIS <= 1/4 MILE      1
HAZE                      1

-  INDICATES NEGATIVE NUMBERS.
R  INDICATES RECORD WAS SET OR TIED.
MM INDICATES DATA IS MISSING.
T  INDICATES TRACE AMOUNT.

$$
