000
CXUS46 KHNX 030643
CLMBFL

CLIMATE REPORT
NATIONAL WEATHER SERVICE SAN JOAQUIN VALLEY - HANFORD CA
1143 PM PDT THU APR 2 2015

...................................

...THE BAKERSFIELD CLIMATE SUMMARY FOR THE MONTH OF MARCH 2015...

CLIMATE NORMAL PERIOD 1981 TO 2010
CLIMATE RECORD PERIOD 1889 TO 2015

WEATHER         OBSERVED          NORMAL  DEPART  LAST YEAR`S
                 VALUE   DATE(S)  VALUE   FROM    VALUE  DATE(S)
                                          NORMAL
................................................................
TEMPERATURE (F)
RECORD
 HIGH              94   03/29/2004
                        03/15/1916
                        03/11/1916
 LOW               20   03/03/1917
HIGHEST            93   03/27        MM      MM       85  03/16
LOWEST             42   03/06        MM      MM       42  03/08
                        03/04
AVG. MAXIMUM     78.2              68.7     9.5     74.7
AVG. MINIMUM     50.4              46.5     3.9     49.6
MEAN             64.3              57.6     6.7     62.2
DAYS MAX >= 90      5               0.1     4.9        0
DAYS MIN <= 32      0               0.0     0.0        0

PRECIPITATION (INCHES)
RECORD
 MAXIMUM         4.61   1938
TOTALS           0.27              1.21   -0.94     0.36
DAYS >= .01         2               6.5    -4.5        4
DAYS >= .10         1               3.6    -2.6        1
DAYS >= .50         0               0.5    -0.5        0
DAYS >= 1.00        0               0.0     0.0        0
GREATEST
 24 HR. TOTAL    0.21   03/02 TO 03/02

SNOWFALL (INCHES)
RECORDS
 TOTAL            2.5   03/17/1922
TOTALS            0.0               0.0

DEGREE_DAYS
HEATING TOTAL      84               239    -155      100
 SINCE 7/1       1219              2013    -794     1428
COOLING TOTAL      71                 9      62       20
 SINCE 1/1         75                 9      66       29
.................................................................

WIND (MPH)
AVERAGE WIND SPEED              4.7
HIGHEST WIND SPEED/DIRECTION    26/350    DATE  03/11
HIGHEST GUST SPEED/DIRECTION    30/360    DATE  03/11

AVERAGE RH (PERCENT)     50

WEATHER CONDITIONS. NUMBER OF DAYS WITH
THUNDERSTORM              0     RAIN                       3
HAIL                      0     FOG                        2
FOG W/VIS <= 1/4 MILE     0     HAZE                       7

-  INDICATES NEGATIVE NUMBERS.
R  INDICATES RECORD WAS SET OR TIED.
MM INDICATES DATA IS MISSING.
T  INDICATES TRACE AMOUNT.

$$

SANGER/OCHS

WEATHER.GOV/HANFORD
