000
CXUS51 KCTP 011108
CLMJST

PHLCLMJST 000
TTAA00 KCTP 011026


CLIMATE REPORT
NATIONAL WEATHER SERVICE STATE COLLEGE PA
710 AM EDT WED APR 1 2015

...................................

...THE JOHNSTOWN CLIMATE SUMMARY FOR THE MONTH OF MARCH 2015...

CLIMATE NORMAL PERIOD 1981 TO 2010
CLIMATE RECORD PERIOD 2000 TO 2015

WEATHER         OBSERVED          NORMAL  DEPART  LAST YEAR`S
                 VALUE   DATE(S)  VALUE   FROM    VALUE  DATE(S)
                                          NORMAL
................................................................
TEMPERATURE (F)
RECORD
 HIGH              86   03/27/1989
                        03/23/1907
 LOW               -2   03/06/2015
                        03/01/1990
                        03/09/1943
HIGHEST            66   03/26                         60  03/11
LOWEST             -2R  03/06                          2  03/13
                                                          03/04
                                                          03/03
AVG. MAXIMUM     42.4              43.5    -1.1     38.6
AVG. MINIMUM     23.8              27.6    -3.8     20.2
MEAN             33.1              35.5    -2.4     29.4
DAYS MAX >= 90      0                MM      MM        0
DAYS MAX <= 32      3                MM      MM       12
DAYS MIN <= 32     25                MM      MM       28
DAYS MIN <= 0       1                MM      MM        0

PRECIPITATION (INCHES)
RECORD
 MAXIMUM        10.00   1908
 MINIMUM         1.27   1910
TOTALS           4.05              3.29    0.76     1.95
DAILY AVG.       0.13              0.11    0.02     0.06
DAYS >= .01        12                MM      MM       12
DAYS >= .10         8                MM      MM        2
DAYS >= .50         3                MM      MM        2
DAYS >= 1.00        1                MM      MM        0
GREATEST
 24 HR. TOTAL    1.20   03/03 TO 03/03


DEGREE_DAYS
HEATING TOTAL     981               913      68     1096
 SINCE 7/1       6170              5792     378     6424
COOLING TOTAL       0                 0       0        0
 SINCE 1/1          0                 0       0        0
......................................................

WIND (MPH)
AVERAGE WIND SPEED              11.1
HIGHEST WIND SPEED/DIRECTION    30/310    DATE  03/14
HIGHEST GUST SPEED/DIRECTION    42/270    DATE  03/30

SKY COVER
POSSIBLE SUNSHINE (PERCENT)   MM
AVERAGE SKY COVER           0.60
NUMBER OF DAYS FAIR            8
NUMBER OF DAYS PC             11
NUMBER OF DAYS CLOUDY         12

AVERAGE RH (PERCENT)     69

WEATHER CONDITIONS. NUMBER OF DAYS WITH
THUNDERSTORM              0     MIXED PRECIP               0
HEAVY RAIN                1     RAIN                       5
LIGHT RAIN               13     FREEZING RAIN              1
LT FREEZING RAIN          3     HAIL                       0
HEAVY SNOW                0     SNOW                       4
LIGHT SNOW               15     SLEET                      0
FOG                      22     FOG W/VIS <= 1/4 MILE      9
HAZE                      9

-  INDICATES NEGATIVE NUMBERS.
R  INDICATES RECORD WAS SET OR TIED.
MM INDICATES DATA IS MISSING.
T  INDICATES TRACE AMOUNT.

&&

$$

MARTIN
