000
CXUS42 KFFC 011634
CLMMCN


CLIMATE REPORT
NATIONAL WEATHER SERVICE PEACHTREE CITY GA
1134 AM EST SUN MAR 1 2015

...................................

...THE MACON CLIMATE SUMMARY FOR THE MONTH OF FEBRUARY 2015...

CLIMATE NORMAL PERIOD 1981 TO 2010
CLIMATE RECORD PERIOD 1899 TO 2015

WEATHER         OBSERVED          NORMAL  DEPART  LAST YEAR`S
                 VALUE   DATE(S)  VALUE   FROM    VALUE  DATE(S)
                                          NORMAL
................................................................
TEMPERATURE (F)
RECORD
 HIGH              85   02/16/1989
                        02/28/1962
 LOW                8   02/03/1917
HIGHEST            69   02/22        85     -16       78  02/20
                        02/08
LOWEST             18   02/20         9       9       22  02/28
AVG. MAXIMUM     56.1              62.1    -6.0     62.4
AVG. MINIMUM     31.2              38.0    -6.8     36.5
MEAN             43.7              50.0    -6.3     49.4
DAYS MAX >= 90      0               0.0     0.0        0
DAYS MAX <= 32      0               0.0     0.0        0
DAYS MIN <= 32     17               8.0     9.0       12
DAYS MIN <= 0       0               0.0     0.0        0

PRECIPITATION (INCHES)
RECORD
 MAXIMUM        12.87   2013
 MINIMUM         0.37   2000
TOTALS           4.36              4.36    0.00
DAILY AVG.       0.16              0.16    0.00     0.16
DAYS >= .01        13               9.0     4.0       13
DAYS >= .10         9               6.0     3.0        7
DAYS >= .50         2               3.0    -1.0        4
DAYS >= 1.00        1               1.5    -0.5        1
GREATEST
 24 HR. TOTAL    1.68   02/25 TO 02/26           02/12 TO 02/12
                                                          02/13 TO 02/13
                                                          02/13 TO 02/13

SNOWFALL (INCHES)
RECORDS
 TOTAL            3.0   2010
 24 HR TOTAL      3.0   02/12/2010 TO 02/12/2010
 SNOW DEPTH         0   MM
TOTALS            0.0                 T     0.0        T
SINCE 7/1         0.0               0.5    -0.5      2.1
SNOWDEPTH AVG.      0                MM      MM        0
DAYS >= TRACE       0               0.2    -0.2        1
DAYS >= 1.0         0               0.0     0.0        0
GREATEST
 24 HR TOTAL      0.0   02/27 TO 02/27           02/13 TO 02/13
                                                          02/13 TO 02/13
                                                          02/13 TO 02/13

DEGREE_DAYS
HEATING TOTAL     589               420     169      431
 SINCE 7/1       2213              1925     288     2133
COOLING TOTAL       0                 2      -2        1
 SINCE 1/1          0                 3      -3        1
....................................................

WIND (MPH)
AVERAGE WIND SPEED              6.3
HIGHEST WIND SPEED/DIRECTION    29/310    DATE  02/02
HIGHEST GUST SPEED/DIRECTION    38/300    DATE  02/02

SKY COVER
POSSIBLE SUNSHINE (PERCENT)   MM
AVERAGE SKY COVER           0.40
NUMBER OF DAYS FAIR           13
NUMBER OF DAYS PC             10
NUMBER OF DAYS CLOUDY          5

AVERAGE RH (PERCENT)     65

WEATHER CONDITIONS. NUMBER OF DAYS WITH
THUNDERSTORM              0     MIXED PRECIP               0
HEAVY RAIN                5     RAIN                       8
LIGHT RAIN               12     FREEZING RAIN              0
LT FREEZING RAIN          0     HAIL                       0
HEAVY SNOW                0     SNOW                       0
LIGHT SNOW                0     SLEET                      0
FOG                      14     FOG W/VIS <= 1/4 MILE      2
HAZE                      3

-  INDICATES NEGATIVE NUMBERS.
R  INDICATES RECORD WAS SET OR TIED.
MM INDICATES DATA IS MISSING.
T  INDICATES TRACE AMOUNT.

$$
