000
CXUS42 KFFC 011236
CLMMCN


CLIMATE REPORT
NATIONAL WEATHER SERVICE PEACHTREE CITY GA
833 AM EDT FRI MAY 1 2015

...................................

...THE MACON CLIMATE SUMMARY FOR THE MONTH OF APRIL 2015...

CLIMATE NORMAL PERIOD 1981 TO 2010
CLIMATE RECORD PERIOD 1899 TO 2015

WEATHER         OBSERVED          NORMAL  DEPART  LAST YEAR`S
                 VALUE   DATE(S)  VALUE   FROM    VALUE  DATE(S)
                                          NORMAL
................................................................
TEMPERATURE (F)
RECORD
 HIGH              96   04/27/1986
 LOW               28   04/08/2007
HIGHEST            88   04/08        96      -8       85  04/25
                                                          04/24
LOWEST             40   04/05        29      11       33  04/16
AVG. MAXIMUM     77.4              76.8     0.6     76.0
AVG. MINIMUM     56.5              50.1     6.4     50.0
MEAN             66.9              63.4     3.5     63.0
DAYS MAX >= 90      0               0.6    -0.6        0
DAYS MAX <= 32      0               0.0     0.0        0
DAYS MIN <= 32      0               0.4    -0.4        0
DAYS MIN <= 0       0               0.0     0.0        0

PRECIPITATION (INCHES)
RECORD
 MAXIMUM         7.46   2014
 MINIMUM         1.03   2012
TOTALS           6.27              2.96    3.31
DAILY AVG.       0.21              0.10    0.11     0.25
DAYS >= .01        17               7.7     9.3        9
DAYS >= .10        10               5.1     4.9        9
DAYS >= .50         7               2.3     4.7        5
DAYS >= 1.00        1               0.9     0.1        2
GREATEST
 24 HR. TOTAL    1.33   04/25 TO 04/25           04/18 TO 04/18
                                                          04/18 TO 04/19
                                                          04/19 TO 04/19

SNOWFALL (INCHES)
RECORDS
 TOTAL             MM   MM
 24 HR TOTAL       MM
 SNOW DEPTH         0   MM
TOTALS            0.0               0.0     0.0      0.0
SINCE 7/1         0.0               0.7    -0.7      2.1
SNOWDEPTH AVG.      0                MM      MM        0
DAYS >= TRACE       0               0.0     0.0        0
DAYS >= 1.0         0               0.0     0.0        0
GREATEST
 24 HR TOTAL      0.0   04/30 TO 04/30           04/30 TO 04/30
                                                          04/19 TO 04/19
                                                          04/19 TO 04/19

DEGREE_DAYS
HEATING TOTAL      44               110     -66      104
 SINCE 7/1       2465              2307     158     2608
COOLING TOTAL     112                63      49       52
 SINCE 1/1        124                84      40       53
..........................................................

WIND (MPH)
AVERAGE WIND SPEED              5.3
HIGHEST WIND SPEED/DIRECTION    32/350    DATE  04/25
HIGHEST GUST SPEED/DIRECTION    37/350    DATE  04/25

SKY COVER
POSSIBLE SUNSHINE (PERCENT)   MM
AVERAGE SKY COVER           0.40
NUMBER OF DAYS FAIR           15
NUMBER OF DAYS PC              7
NUMBER OF DAYS CLOUDY          8

AVERAGE RH (PERCENT)     76

WEATHER CONDITIONS. NUMBER OF DAYS WITH
THUNDERSTORM              0     MIXED PRECIP               0
HEAVY RAIN                9     RAIN                      10
LIGHT RAIN               16     FREEZING RAIN              0
LT FREEZING RAIN          0     HAIL                       0
HEAVY SNOW                0     SNOW                       0
LIGHT SNOW                0     SLEET                      0
FOG                      23     FOG W/VIS <= 1/4 MILE      1
HAZE                      0

-  INDICATES NEGATIVE NUMBERS.
R  INDICATES RECORD WAS SET OR TIED.
MM INDICATES DATA IS MISSING.
T  INDICATES TRACE AMOUNT.

$$
