000
CXUS53 KLOT 011438
CLMUGN


CLIMATE REPORT
NATIONAL WEATHER SERVICE CHICAGO IL
900 AM CDT WED APR 1 2015

...................................

...THE WAUKEGAN   CLIMATE SUMMARY FOR THE MONTH OF MARCH 2015...

CLIMATE NORMAL PERIOD 1981 TO 2010
CLIMATE RECORD PERIOD 2000 TO 2015

WEATHER         OBSERVED          NORMAL  DEPART  LAST YEAR`S
                 VALUE   DATE(S)  VALUE   FROM    VALUE
                                          NORMAL
.............................................................
TEMPERATURE (F)
RECORD
 HIGH              84   03/21/2012
                        03/20/2012
                        03/20/2012
 LOW               -7   03/04/2002
HIGHEST            70   03/16        MM      MM       60
LOWEST             -5   03/06        MM      MM       -5
AVG. MAXIMUM     42.6              43.9    -1.3     36.7
AVG. MINIMUM     22.1              26.5    -4.4     19.4
MEAN             32.4              35.2    -2.8     28.0

PRECIPITATION (INCHES)
RECORD
 MAXIMUM           MM   MM
 MINIMUM           MM   MM
TOTALS           0.64              2.32   -1.68     0.76

DEGREE_DAYS
HEATING TOTAL    1006               924      82     1139
 SINCE 7/1       6531              5870     661     7008
COOLING TOTAL       0                 0       0        0
 SINCE 1/1          0                 0       0        0
..............................................................

WIND (MPH)
AVERAGE WIND SPEED              8.2
HIGHEST WIND SPEED/DIRECTION    35/180    DATE  03/29
HIGHEST GUST SPEED/DIRECTION    42/180    DATE  03/29

AVERAGE RH (PERCENT)     69


-  INDICATES NEGATIVE NUMBERS.
R  INDICATES RECORD WAS SET OR TIED.
MM INDICATES DATA IS MISSING.
T  INDICATES TRACE AMOUNT.

$$
