000
CXUS52 KMLB 011903
CF6DAB

PRELIMINARY LOCAL CLIMATOLOGICAL DATA (WS FORM: F-6)

                                          STATION:   DAYTONA BEACH
                                          MONTH:     AUGUST
                                          YEAR:      2012
                                          LATITUDE:   29 10 N
                                          LONGITUDE:  81  3 W

  TEMPERATURE IN F:       :PCPN:    SNOW:  WIND      :SUNSHINE: SKY     :PK WND
================================================================================
1   2   3   4   5  6A  6B    7    8   9   10  11  12  13   14  15   16   17  18
                                     12Z  AVG MX 2MIN
DY MAX MIN AVG DEP HDD CDD  WTR  SNW DPTH SPD SPD DIR MIN PSBL S-S WX    SPD DR
================================================================================

 1  90  74  82   0   0  17 0.09  0.0    0  6.4 22 320   M    M   6 13     28 340
 2  94  75  85   3   0  20 0.00  0.0    0  5.1 15 220   M    M   6 1      20 240
 3  89  75  82   0   0  17 0.00  0.0    0  4.3 20  70   M    M   6 3      23  70
 4  87  73  80  -2   0  15 0.15  0.0    0  7.0 24  60   M    M   8 1      29  50
 5  84  77  81  -1   0  16 0.03  0.0    0  3.2 12 100   M    M   8 1      16 100
 6  88  75  82   0   0  17 0.03  0.0    0  4.3 16 210   M    M   7 138    20 210
 7  89  73  81  -1   0  16    T  0.0    0  2.7 13 170   M    M   8 13     18 140
 8  94  72  83   1   0  18 0.81  0.0    0  5.3 23  10   M    M   7 13     29  10
 9  92  72  82   0   0  17 0.08  0.0    0  3.6 15 160   M    M   6 13     21 170
10  93  73  83   1   0  18 0.82  0.0    0  5.5 26 240   M    M   4 13     32 250
11  90  73  82   0   0  17    T  0.0    0  5.5 17 330   M    M   6 3      21 330
12  91  73  82   0   0  17 0.45  0.0    0  5.2 15 150   M    M   6 13     22 160
13  90  74  82   0   0  17 0.76  0.0    0  4.7 25 310   M    M   7 123    33 300
14  90  72  81  -1   0  16 0.20  0.0    0  3.7 13  70   M    M   4 13     14  60
15  93  70  82   0   0  17 0.88  0.0    0  5.7 33 350   M    M   5 1238   43 340
16  92  72  82   0   0  17 0.84  0.0    0  2.4 23 260   M    M   5 3      28 260
17  91  75  83   1   0  18 0.01  0.0    0  4.6 24 250   M    M   5 3      30 250
18  89  74  82   0   0  17 0.06  0.0    0  6.9 22 300   M    M   5 3      30 300
19  92  74  83   2   0  18 0.66  0.0    0  6.7 13 220   M    M   6 13     35 260
20  93  73  83   2   0  18 0.99  0.0    0  5.4 18 190   M    M   7 13     28 170
21  91  71  81   0   0  16 0.80  0.0    0  5.7 31 310   M    M   8 13     44 320
22  86  72  79  -2   0  14 0.24  0.0    0  4.6 26 220   M    M   7 13     33 230
23  88  72  80  -1   0  15 0.27  0.0    0  2.9 22 290   M    M   9 13     30 280
24  84  72  78  -3   0  13 0.00  0.0    0  7.9 15  50   M    M   4        20  50
25  86  72  79  -2   0  14 0.07  0.0    0  8.5 20  40   M    M   5 1      25  50
26  85  78  82   1   0  17 0.07  0.0    0 13.8 23  40   M    M   8 1      30  30
27  81  74  78  -3   0  13 1.13  0.0    0  8.5 16 100   M    M  10 13     24 100
28  90  75  83   2   0  18 0.20  0.0    0  5.4 24 230   M    M   8 13     28 230
29  90  74  82   1   0  17 0.01  0.0    0  5.4 18 230   M    M   9 3      22 280
30  88  75  82   1   0  17 0.00  0.0    0  4.2 13  70   M    M   6 1      16  90
31  89  75  82   1   0  17 0.00  0.0    0  4.6 13  60   M    M   6 1      16  30
================================================================================
SM 2769 2279         0 514  9.65     0.0 169.7          M      202
================================================================================
AV 89.3 73.5                               5.5 FASTST   M    M   7    MAX(MPH)
                                 MISC ---->  # 33 350               # 44  320
================================================================================
NOTES:
# LAST OF SEVERAL OCCURRENCES

COLUMN 17 PEAK WIND IN M.P.H.

PRELIMINARY LOCAL CLIMATOLOGICAL DATA (WS FORM: F-6) , PAGE 2

                                          STATION:  DAYTONA BEACH
                                          MONTH:    AUGUST
                                          YEAR:     2012
                                          LATITUDE:   29 10 N
                                          LONGITUDE:  81  3 W

[TEMPERATURE DATA]      [PRECIPITATION DATA]       SYMBOLS USED IN COLUMN 16

AVERAGE MONTHLY: 81.4   TOTAL FOR MONTH:   9.65    1 = FOG OR MIST
DPTR FM NORMAL:  -0.1   DPTR FM NORMAL:    3.25    2 = FOG REDUCING VISIBILITY
HIGHEST:    94 ON  8, 2 GRTST 24HR  1.42 ON 20-21      TO 1/4 MILE OR LESS
LOWEST:     70 ON 15                               3 = THUNDER
                        SNOW, ICE PELLETS, HAIL    4 = ICE PELLETS
                        TOTAL MONTH:   0.0 INCH    5 = HAIL
                        GRTST 24HR     0.0         6 = FREEZING RAIN OR DRIZZLE
                        GRTST DEPTH:   0           7 = DUSTSTORM OR SANDSTORM:
                                                       VSBY 1/2 MILE OR LESS
                                                   8 = SMOKE OR HAZE
[NO. OF DAYS WITH]      [WEATHER - DAYS WITH]      9 = BLOWING SNOW
                                                   X = TORNADO
MAX 32 OR BELOW:   0    0.01 INCH OR MORE:  24
MAX 90 OR ABOVE:  17    0.10 INCH OR MORE:  15
MIN 32 OR BELOW:   0    0.50 INCH OR MORE:   9
MIN  0 OR BELOW:   0    1.00 INCH OR MORE:   1

[HDD (BASE 65) ]
TOTAL THIS MO.     0    CLEAR  (SCALE 0-3)   0
DPTR FM NORMAL     0    PTCLDY (SCALE 4-7)  26
TOTAL FM JUL 1     0    CLOUDY (SCALE 8-10)  5
DPTR FM NORMAL     0

[CDD (BASE 65) ]
TOTAL THIS MO.   514
DPTR FM NORMAL     3    [PRESSURE DATA]
TOTAL FM JAN 1  2327    HIGHEST SLP 30.21 ON 31
DPTR FM NORMAL   253    LOWEST  SLP 29.85 ON 27

[REMARKS]
COOPERATIVE STATION DIAF1 08-2150-3 USED FOR RAINFALL ON 16,
2.6 MILES EAST NORTHEAST.
#FINAL-08-12#
