000
CDUS43 KMQT 232104
CLIMQT


CLIMATE REPORT
NATIONAL WEATHER SERVICE MARQUETTE MI
503 PM EDT THU APR 23 2015


...................................

...THE MARQUETTE MI CLIMATE SUMMARY FOR APRIL 23 2015...
VALID TODAY AS OF 0500 PM LOCAL TIME.

CLIMATE NORMAL PERIOD 1981 TO 2010
CLIMATE RECORD PERIOD 1961 TO 2015


WEATHER ITEM   OBSERVED RECORD YEAR NORMAL DEPARTURE LAST
                VALUE   VALUE       VALUE  FROM      YEAR
                                           NORMAL
...........................................................
TEMPERATURE (F)
 TODAY
  MAXIMUM         40     75    1990  52    -12       49
                               1985
  MINIMUM         23     17    2009  32     -9       22
  AVERAGE         32                 42    -10       36

PRECIPITATION (IN)
  TODAY            T      1.65 1981   0.09  -0.09     0.00
  MONTH TO DATE    2.50               2.36   0.14     3.01
  SINCE MAR 1      3.76               5.39  -1.63     4.97
  SINCE JAN 1      6.68               9.94  -3.26     8.49

SNOWFALL (IN)
  TODAY            T      2.7  2011   0.3   -0.3      0.0
  MONTH TO DATE   13.1               12.8    0.3     29.0
  SINCE MAR 1     24.4               47.7  -23.3     59.0
  SINCE JUL 1    178.4              200.1  -21.7    188.5
  SNOW DEPTH       1

DEGREE DAYS
 HEATING
  TODAY           33                 23     10       29
  MONTH TO DATE  626                661    -35      746
  SINCE MAR 1   1875               1924    -49     2269
  SINCE JUL 1   9186               8548    638     9591

 COOLING
  TODAY            0                  0      0        0
  MONTH TO DATE    0                  0      0        0
  SINCE MAR 1      0                  0      0        0
  SINCE JAN 1      0                  0      0        0
...........................................................


WIND (MPH)
  HIGHEST WIND SPEED    MM   HIGHEST WIND DIRECTION    MM
  HIGHEST GUST SPEED    25   HIGHEST GUST DIRECTION     W (270)
  AVERAGE WIND SPEED    MM


SKY COVER
  POSSIBLE SUNSHINE  MM
  AVERAGE SKY COVER  MM


WEATHER CONDITIONS
 THE FOLLOWING WEATHER WAS RECORDED TODAY.
  LIGHT SNOW


RELATIVE HUMIDITY (PERCENT)
 HIGHEST    MM
 LOWEST     MM
 AVERAGE    MM

..........................................................


THE MARQUETTE MI CLIMATE NORMALS FOR TOMORROW
                         NORMAL    RECORD    YEAR
 MAXIMUM TEMPERATURE (F)   52        86      1990
 MINIMUM TEMPERATURE (F)   32        18      2013


SUNRISE AND SUNSET
APRIL 23 2015.........SUNRISE   649 AM EDT   SUNSET   849 PM EDT
APRIL 24 2015.........SUNRISE   648 AM EDT   SUNSET   850 PM EDT


-  INDICATES NEGATIVE NUMBERS.
R  INDICATES RECORD WAS SET OR TIED.
MM INDICATES DATA IS MISSING.
T  INDICATES TRACE AMOUNT.




$$
