000
CDUS43 KMQT 120511
CLIMQT


CLIMATE REPORT
NATIONAL WEATHER SERVICE MARQUETTE MI
111 AM EDT SUN APR 12 2015


...................................

...THE MARQUETTE MI CLIMATE SUMMARY FOR APRIL 11 2015...

CLIMATE NORMAL PERIOD 1981 TO 2010
CLIMATE RECORD PERIOD 1961 TO 2015


WEATHER ITEM   OBSERVED RECORD YEAR NORMAL DEPARTURE LAST
                VALUE   VALUE       VALUE  FROM      YEAR
                                           NORMAL
...........................................................
TEMPERATURE (F)
 YESTERDAY
  MAXIMUM         57     78    1977  45     12       47
  MINIMUM         25      7    1973  26     -1       24
  AVERAGE         41                 36      5       36

PRECIPITATION (IN)
  YESTERDAY        0.00   2.22 2008   0.10  -0.10      T
  MONTH TO DATE    1.60               1.18   0.42     1.13
  SINCE MAR 1      2.86               4.21  -1.35     3.09
  SINCE JAN 1      5.78               8.76  -2.98     6.61

SNOWFALL (IN)
  YESTERDAY        0.0   13.6  2008   0.6   -0.6      0.0
  MONTH TO DATE    9.7                7.7    2.0     10.7
  SINCE MAR 1     21.0               42.6  -21.6     40.7
  SINCE JUL 1    175.0              195.0  -20.0    170.2
  SNOW DEPTH      13

DEGREE DAYS
 HEATING
  YESTERDAY       24                 29     -5       29
  MONTH TO DATE  356                349      7      344
  SINCE MAR 1   1605               1612     -7     1867
  SINCE JUL 1   8916               8236    680     9189

 COOLING
  YESTERDAY        0                  0      0        0
  MONTH TO DATE    0                  0      0        0
  SINCE MAR 1      0                  0      0        0
  SINCE JAN 1      0                  0      0        0
...........................................................


WIND (MPH)
  RESULTANT WIND SPEED  MM   RESULTANT WIND DIRECTION  MM
  HIGHEST WIND SPEED    MM   HIGHEST WIND DIRECTION    MM
  HIGHEST GUST SPEED    17   HIGHEST GUST DIRECTION    SW (225)
  AVERAGE WIND SPEED    MM


SKY COVER
  POSSIBLE SUNSHINE  MM
  AVERAGE SKY COVER  MM


WEATHER CONDITIONS
 THE FOLLOWING WEATHER WAS RECORDED YESTERDAY.
  NO SIGNIFICANT WEATHER WAS OBSERVED.


RELATIVE HUMIDITY (PERCENT)
 HIGHEST    MM
 LOWEST     MM
 AVERAGE    MM

..........................................................


THE MARQUETTE MI CLIMATE NORMALS FOR TODAY
                         NORMAL    RECORD    YEAR
 MAXIMUM TEMPERATURE (F)   46        80      1968
 MINIMUM TEMPERATURE (F)   26         9      1992


SUNRISE AND SUNSET
APRIL 12 2015.........SUNRISE   709 AM EDT   SUNSET   834 PM EDT
APRIL 13 2015.........SUNRISE   707 AM EDT   SUNSET   835 PM EDT


-  INDICATES NEGATIVE NUMBERS.
R  INDICATES RECORD WAS SET OR TIED.
MM INDICATES DATA IS MISSING.
T  INDICATES TRACE AMOUNT.




$$
