000
CDUS43 KMQT 100529
CLIMQT


CLIMATE REPORT
NATIONAL WEATHER SERVICE MARQUETTE MI
124 AM EDT FRI APR 10 2015


...................................

...THE MARQUETTE MI CLIMATE SUMMARY FOR APRIL 9 2015...

CLIMATE NORMAL PERIOD 1981 TO 2010
CLIMATE RECORD PERIOD 1961 TO 2015


WEATHER ITEM   OBSERVED RECORD YEAR NORMAL DEPARTURE LAST
                VALUE   VALUE       VALUE  FROM      YEAR
                                           NORMAL
...........................................................
TEMPERATURE (F)
 YESTERDAY
  MAXIMUM         33     74    1987  44    -11       51
  MINIMUM         30     -1    2007  25      5       22
  AVERAGE         32                 35     -3       37

PRECIPITATION (IN)
  YESTERDAY        0.41   0.93 1980   0.11   0.30     0.00
  MONTH TO DATE    0.55               0.97  -0.42     1.13
  SINCE MAR 1      1.81               4.00  -2.19     3.09
  SINCE JAN 1      4.73               8.55  -3.82     6.61

SNOWFALL (IN)
  YESTERDAY        0.0    6.6  1991   0.6   -0.6      0.0
  MONTH TO DATE    1.1                6.5   -5.4     10.7
  SINCE MAR 1     12.4               41.4  -29.0     40.7
  SINCE JUL 1    166.4              193.8  -27.4    170.2
  SNOW DEPTH       8

DEGREE DAYS
 HEATING
  YESTERDAY       33                 30      3       28
  MONTH TO DATE  301                290     11      292
  SINCE MAR 1   1550               1553     -3     1815
  SINCE JUL 1   8861               8177    684     9137

 COOLING
  YESTERDAY        0                  0      0        0
  MONTH TO DATE    0                  0      0        0
  SINCE MAR 1      0                  0      0        0
  SINCE JAN 1      0                  0      0        0
...........................................................


WIND (MPH)
  RESULTANT WIND SPEED  MM   RESULTANT WIND DIRECTION  MM
  HIGHEST WIND SPEED    MM   HIGHEST WIND DIRECTION    MM
  HIGHEST GUST SPEED    20   HIGHEST GUST DIRECTION     N (360)
  AVERAGE WIND SPEED    MM


SKY COVER
  POSSIBLE SUNSHINE  MM
  AVERAGE SKY COVER  MM


WEATHER CONDITIONS
 THE FOLLOWING WEATHER WAS RECORDED YESTERDAY.
  LIGHT RAIN
  LT FREEZING RAIN
  FOG
  FOG W/VISIBILITY <= 1/4 MILE


RELATIVE HUMIDITY (PERCENT)
 HIGHEST    MM
 LOWEST     MM
 AVERAGE    MM

..........................................................


THE MARQUETTE MI CLIMATE NORMALS FOR TODAY
                         NORMAL    RECORD    YEAR
 MAXIMUM TEMPERATURE (F)   45        73      1977
 MINIMUM TEMPERATURE (F)   25        -3      2007


SUNRISE AND SUNSET
APRIL 10 2015.........SUNRISE   713 AM EDT   SUNSET   831 PM EDT
APRIL 11 2015.........SUNRISE   711 AM EDT   SUNSET   832 PM EDT


-  INDICATES NEGATIVE NUMBERS.
R  INDICATES RECORD WAS SET OR TIED.
MM INDICATES DATA IS MISSING.
T  INDICATES TRACE AMOUNT.




$$
