000
CDUS43 KMQT 082106
CLIMQT


CLIMATE REPORT
NATIONAL WEATHER SERVICE MARQUETTE MI
505 PM EDT WED APR 8 2015


...................................

...THE MARQUETTE MI CLIMATE SUMMARY FOR APRIL 8 2015...
VALID TODAY AS OF 0500 PM LOCAL TIME.

CLIMATE NORMAL PERIOD 1981 TO 2010
CLIMATE RECORD PERIOD 1961 TO 2015


WEATHER ITEM   OBSERVED RECORD YEAR NORMAL DEPARTURE LAST
                VALUE   VALUE       VALUE  FROM      YEAR
                                           NORMAL
...........................................................
TEMPERATURE (F)
 TODAY
  MAXIMUM         39     58    2011  44     -5       44
                               2005
  MINIMUM         29     -5    1977  24      5       27
  AVERAGE         34                 34      0       36

PRECIPITATION (IN)
  TODAY            0.05   1.52 1980   0.11  -0.06      T
  MONTH TO DATE    0.14               0.86  -0.72     1.13
  SINCE MAR 1      1.40               3.89  -2.49     3.09
  SINCE JAN 1      4.32               8.44  -4.12     6.61

SNOWFALL (IN)
  TODAY            0.9    9.8  2010   0.7    0.2      0.0
  MONTH TO DATE    1.1                5.9   -4.8     10.7
  SINCE MAR 1     12.4               40.8  -28.4     40.7
  SINCE JUL 1    166.4              193.2  -26.8    170.2
  SNOW DEPTH      10

DEGREE DAYS
 HEATING
  TODAY           31                 31      0       29
  MONTH TO DATE  268                260      8      264
  SINCE MAR 1   1517               1523     -6     1787
  SINCE JUL 1   8828               8147    681     9109

 COOLING
  TODAY            0                  0      0        0
  MONTH TO DATE    0                  0      0        0
  SINCE MAR 1      0                  0      0        0
  SINCE JAN 1      0                  0      0        0
...........................................................


WIND (MPH)
  HIGHEST WIND SPEED    MM   HIGHEST WIND DIRECTION    MM
  HIGHEST GUST SPEED    14   HIGHEST GUST DIRECTION     E (90)
  AVERAGE WIND SPEED    MM


SKY COVER
  POSSIBLE SUNSHINE  MM
  AVERAGE SKY COVER  MM


WEATHER CONDITIONS
 THE FOLLOWING WEATHER WAS RECORDED TODAY.
  LIGHT SNOW
  LIGHT SNOW SHOWERS


RELATIVE HUMIDITY (PERCENT)
 HIGHEST    MM
 LOWEST     MM
 AVERAGE    MM

..........................................................


THE MARQUETTE MI CLIMATE NORMALS FOR TOMORROW
                         NORMAL    RECORD    YEAR
 MAXIMUM TEMPERATURE (F)   44        74      1987
 MINIMUM TEMPERATURE (F)   25        -1      2007


SUNRISE AND SUNSET
APRIL  8 2015.........SUNRISE   717 AM EDT   SUNSET   828 PM EDT
APRIL  9 2015.........SUNRISE   715 AM EDT   SUNSET   830 PM EDT


-  INDICATES NEGATIVE NUMBERS.
R  INDICATES RECORD WAS SET OR TIED.
MM INDICATES DATA IS MISSING.
T  INDICATES TRACE AMOUNT.




$$
