000
CDUS43 KMQT 080505
CLIMQT


CLIMATE REPORT
NATIONAL WEATHER SERVICE MARQUETTE MI
105 AM EDT WED APR 8 2015


...................................

...THE MARQUETTE MI CLIMATE SUMMARY FOR APRIL 7 2015...

CLIMATE NORMAL PERIOD 1981 TO 2010
CLIMATE RECORD PERIOD 1961 TO 2015


WEATHER ITEM   OBSERVED RECORD YEAR NORMAL DEPARTURE LAST
                VALUE   VALUE       VALUE  FROM      YEAR
                                           NORMAL
...........................................................
TEMPERATURE (F)
 YESTERDAY
  MAXIMUM         35     77    1991  43     -8       53
  MINIMUM         25     -5    1979  24      1       29
  AVERAGE         30                 34     -4       41

PRECIPITATION (IN)
  YESTERDAY        0.00   0.55 2001   0.11  -0.11     0.00
                               1964
  MONTH TO DATE    0.09               0.75  -0.66     1.13
  SINCE MAR 1      1.35               3.78  -2.43     3.09
  SINCE JAN 1      4.27               8.33  -4.06     6.61

SNOWFALL (IN)
  YESTERDAY        0.0    7.5  2007   0.7   -0.7      0.0
  MONTH TO DATE    0.2                5.2   -5.0     10.7
  SINCE MAR 1     11.5               40.1  -28.6     40.7
  SINCE JUL 1    165.5              192.5  -27.0    170.2
  SNOW DEPTH       9

DEGREE DAYS
 HEATING
  YESTERDAY       35                 31      4       24
  MONTH TO DATE  237                229      8      235
  SINCE MAR 1   1486               1492     -6     1758
  SINCE JUL 1   8797               8116    681     9080

 COOLING
  YESTERDAY        0                  0      0        0
  MONTH TO DATE    0                  0      0        0
  SINCE MAR 1      0                  0      0        0
  SINCE JAN 1      0                  0      0        0
...........................................................


WIND (MPH)
  RESULTANT WIND SPEED  MM   RESULTANT WIND DIRECTION  MM
  HIGHEST WIND SPEED    MM   HIGHEST WIND DIRECTION    MM
  HIGHEST GUST SPEED    19   HIGHEST GUST DIRECTION     E (90)
  AVERAGE WIND SPEED    MM


SKY COVER
  POSSIBLE SUNSHINE  MM
  AVERAGE SKY COVER  MM


WEATHER CONDITIONS
 THE FOLLOWING WEATHER WAS RECORDED YESTERDAY.
  NO SIGNIFICANT WEATHER WAS OBSERVED.


RELATIVE HUMIDITY (PERCENT)
 HIGHEST    MM
 LOWEST     MM
 AVERAGE    MM

..........................................................


THE MARQUETTE MI CLIMATE NORMALS FOR TODAY
                         NORMAL    RECORD    YEAR
 MAXIMUM TEMPERATURE (F)   44        58      2011
                                             2005
 MINIMUM TEMPERATURE (F)   24        -5      1977


SUNRISE AND SUNSET
APRIL  8 2015.........SUNRISE   717 AM EDT   SUNSET   828 PM EDT
APRIL  9 2015.........SUNRISE   715 AM EDT   SUNSET   830 PM EDT


-  INDICATES NEGATIVE NUMBERS.
R  INDICATES RECORD WAS SET OR TIED.
MM INDICATES DATA IS MISSING.
T  INDICATES TRACE AMOUNT.

$$
