000
CDUS43 KMQT 162103
CLIMQT


CLIMATE REPORT
NATIONAL WEATHER SERVICE MARQUETTE MI
502 PM EDT THU APR 16 2015


...................................

...THE MARQUETTE MI CLIMATE SUMMARY FOR APRIL 16 2015...
VALID TODAY AS OF 0500 PM LOCAL TIME.

CLIMATE NORMAL PERIOD 1981 TO 2010
CLIMATE RECORD PERIOD 1961 TO 2015


WEATHER ITEM   OBSERVED RECORD YEAR NORMAL DEPARTURE LAST
                VALUE   VALUE       VALUE  FROM      YEAR
                                           NORMAL
...........................................................
TEMPERATURE (F)
 TODAY
  MAXIMUM         68     83    2002  48     20       31
  MINIMUM         40     -5    2014  28     12       -5
  AVERAGE         54                 38     16       13

PRECIPITATION (IN)
  TODAY            0.00   1.23 2012   0.10  -0.10     0.52
  MONTH TO DATE    1.88               1.71   0.17     2.64
  SINCE MAR 1      3.14               4.74  -1.60     4.60
  SINCE JAN 1      6.06               9.29  -3.23     8.12

SNOWFALL (IN)
  TODAY            0.0   12.6  1993   0.5   -0.5      5.6
  MONTH TO DATE    9.7               10.3   -0.6     25.1
  SINCE MAR 1     21.0               45.2  -24.2     55.1
  SINCE JUL 1    175.0              197.6  -22.6    184.6
  SNOW DEPTH       0

DEGREE DAYS
 HEATING
  TODAY           11                 27    -16       52
  MONTH TO DATE  431                488    -57      548
  SINCE MAR 1   1680               1751    -71     2071
  SINCE JUL 1   8991               8375    616     9393

 COOLING
  TODAY            0                  0      0        0
  MONTH TO DATE    0                  0      0        0
  SINCE MAR 1      0                  0      0        0
  SINCE JAN 1      0                  0      0        0
...........................................................


WIND (MPH)
  HIGHEST WIND SPEED    MM   HIGHEST WIND DIRECTION    MM
  HIGHEST GUST SPEED    19   HIGHEST GUST DIRECTION    SW (225)
  AVERAGE WIND SPEED    MM


SKY COVER
  POSSIBLE SUNSHINE  MM
  AVERAGE SKY COVER  MM


WEATHER CONDITIONS
 THE FOLLOWING WEATHER WAS RECORDED TODAY.
  NO SIGNIFICANT WEATHER WAS OBSERVED.


RELATIVE HUMIDITY (PERCENT)
 HIGHEST    MM
 LOWEST     MM
 AVERAGE    MM

..........................................................


THE MARQUETTE MI CLIMATE NORMALS FOR TOMORROW
                         NORMAL    RECORD    YEAR
 MAXIMUM TEMPERATURE (F)   49        73      2009
                                             2002
 MINIMUM TEMPERATURE (F)   29        15      1983


SUNRISE AND SUNSET
APRIL 16 2015.........SUNRISE   702 AM EDT   SUNSET   839 PM EDT
APRIL 17 2015.........SUNRISE   700 AM EDT   SUNSET   840 PM EDT


-  INDICATES NEGATIVE NUMBERS.
R  INDICATES RECORD WAS SET OR TIED.
MM INDICATES DATA IS MISSING.
T  INDICATES TRACE AMOUNT.




$$
