000
CDUS43 KMQT 290511
CLIMQT


CLIMATE REPORT
NATIONAL WEATHER SERVICE MARQUETTE MI
111 AM EDT WED APR 29 2015


...................................

...THE MARQUETTE MI CLIMATE SUMMARY FOR APRIL 28 2015...

CLIMATE NORMAL PERIOD 1981 TO 2010
CLIMATE RECORD PERIOD 1961 TO 2015


WEATHER ITEM   OBSERVED RECORD YEAR NORMAL DEPARTURE LAST
                VALUE   VALUE       VALUE  FROM      YEAR
                                           NORMAL
...........................................................
TEMPERATURE (F)
 YESTERDAY
  MAXIMUM         60     77    1990  54      6       44
  MINIMUM         29     17    1965  34     -5       34
  AVERAGE         45                 44      1       39

PRECIPITATION (IN)
  YESTERDAY        0.00   0.93 2002   0.09  -0.09      T
  MONTH TO DATE    2.50               2.82  -0.32     3.46
  SINCE MAR 1      3.76               5.85  -2.09     5.42
  SINCE JAN 1      6.68              10.40  -3.72     8.94

SNOWFALL (IN)
  YESTERDAY        0.0    8.5  2002   0.2   -0.2      0.0
  MONTH TO DATE   13.1               14.1   -1.0     31.7
  SINCE MAR 1     24.4               49.0  -24.6     61.7
  SINCE JUL 1    178.4              201.4  -23.0    191.2
  SNOW DEPTH       0

DEGREE DAYS
 HEATING
  YESTERDAY       20                 21     -1       26
  MONTH TO DATE  765                772     -7      896
  SINCE MAR 1   2014               2035    -21     2419
  SINCE JUL 1   9325               8659    666     9741

 COOLING
  YESTERDAY        0                  0      0        0
  MONTH TO DATE    0                  0      0        0
  SINCE MAR 1      0                  0      0        0
  SINCE JAN 1      0                  0      0        0
...........................................................

WIND (MPH)
  RESULTANT WIND SPEED  MM   RESULTANT WIND DIRECTION  MM
  HIGHEST WIND SPEED    MM   HIGHEST WIND DIRECTION    MM
  HIGHEST GUST SPEED    19   HIGHEST GUST DIRECTION     N (360)
  AVERAGE WIND SPEED    MM

SKY COVER
  POSSIBLE SUNSHINE  MM
  AVERAGE SKY COVER  MM

WEATHER CONDITIONS
 THE FOLLOWING WEATHER WAS RECORDED YESTERDAY.
  NO SIGNIFICANT WEATHER WAS OBSERVED.

RELATIVE HUMIDITY (PERCENT)
 HIGHEST    MM
 LOWEST     MM
 AVERAGE    MM
..........................................................


THE MARQUETTE MI CLIMATE NORMALS FOR TODAY
                         NORMAL    RECORD    YEAR
 MAXIMUM TEMPERATURE (F)   55        80      2007
 MINIMUM TEMPERATURE (F)   34        19      1979


SUNRISE AND SUNSET
APRIL 29 2015.........SUNRISE   639 AM EDT   SUNSET   857 PM EDT
APRIL 30 2015.........SUNRISE   638 AM EDT   SUNSET   858 PM EDT


-  INDICATES NEGATIVE NUMBERS.
R  INDICATES RECORD WAS SET OR TIED.
MM INDICATES DATA IS MISSING.
T  INDICATES TRACE AMOUNT.




$$
