000
CDUS43 KMQT 250510
CLIMQT


CLIMATE REPORT
NATIONAL WEATHER SERVICE MARQUETTE MI
107 AM EDT SAT APR 25 2015


...................................

...THE MARQUETTE MI CLIMATE SUMMARY FOR APRIL 24 2015...

CLIMATE NORMAL PERIOD 1981 TO 2010
CLIMATE RECORD PERIOD 1961 TO 2015


WEATHER ITEM   OBSERVED RECORD YEAR NORMAL DEPARTURE LAST
                VALUE   VALUE       VALUE  FROM      YEAR
                                           NORMAL
...........................................................
TEMPERATURE (F)
 YESTERDAY
  MAXIMUM         43     86    1990  52     -9       44
  MINIMUM         18R    18    2013  32    -14       32
  AVERAGE         31                 42    -11       38

PRECIPITATION (IN)
  YESTERDAY        0.00   0.53 2002   0.09  -0.09     0.33
  MONTH TO DATE    2.50               2.45   0.05     3.34
  SINCE MAR 1      3.76               5.48  -1.72     5.30
  SINCE JAN 1      6.68              10.03  -3.35     8.82

SNOWFALL (IN)
  YESTERDAY        0.0    4.3  1980   0.3   -0.3      2.1
  MONTH TO DATE   13.1               13.1    0.0     31.1
  SINCE MAR 1     24.4               48.0  -23.6     61.1
  SINCE JUL 1    178.4              200.4  -22.0    190.6
  SNOW DEPTH       0

DEGREE DAYS
 HEATING
  YESTERDAY       34                 23     11       27
  MONTH TO DATE  660                684    -24      773
  SINCE MAR 1   1909               1947    -38     2296
  SINCE JUL 1   9220               8571    649     9618

 COOLING
  YESTERDAY        0                  0      0        0
  MONTH TO DATE    0                  0      0        0
  SINCE MAR 1      0                  0      0        0
  SINCE JAN 1      0                  0      0        0
...........................................................


WIND (MPH)
  RESULTANT WIND SPEED  MM   RESULTANT WIND DIRECTION  MM
  HIGHEST WIND SPEED    MM   HIGHEST WIND DIRECTION    MM
  HIGHEST GUST SPEED    18   HIGHEST GUST DIRECTION     E (90)
  AVERAGE WIND SPEED    MM


SKY COVER
  POSSIBLE SUNSHINE  MM
  AVERAGE SKY COVER  MM


WEATHER CONDITIONS
 THE FOLLOWING WEATHER WAS RECORDED YESTERDAY.
  NO SIGNIFICANT WEATHER WAS OBSERVED.


RELATIVE HUMIDITY (PERCENT)
 HIGHEST    MM
 LOWEST     MM
 AVERAGE    MM

..........................................................


THE MARQUETTE MI CLIMATE NORMALS FOR TODAY
                         NORMAL    RECORD    YEAR
 MAXIMUM TEMPERATURE (F)   53        89      1990
 MINIMUM TEMPERATURE (F)   33         9      1972


SUNRISE AND SUNSET
APRIL 25 2015.........SUNRISE   646 AM EDT   SUNSET   851 PM EDT
APRIL 26 2015.........SUNRISE   644 AM EDT   SUNSET   853 PM EDT


-  INDICATES NEGATIVE NUMBERS.
R  INDICATES RECORD WAS SET OR TIED.
MM INDICATES DATA IS MISSING.
T  INDICATES TRACE AMOUNT.

$$

TITUS
