000
CDUS43 KMQT 150536
CLIMQT


CLIMATE REPORT
NATIONAL WEATHER SERVICE MARQUETTE MI
128 AM EDT WED APR 15 2015


...................................

...THE MARQUETTE MI CLIMATE SUMMARY FOR APRIL 14 2015...

CLIMATE NORMAL PERIOD 1981 TO 2010
CLIMATE RECORD PERIOD 1961 TO 2015


WEATHER ITEM   OBSERVED RECORD YEAR NORMAL DEPARTURE LAST
                VALUE   VALUE       VALUE  FROM      YEAR
                                           NORMAL
...........................................................
TEMPERATURE (F)
 YESTERDAY
  MAXIMUM         60     83    2003  47     13       33
  MINIMUM         31      9    2008  27      4       15
                               1996
  AVERAGE         46                 37      9       24

PRECIPITATION (IN)
  YESTERDAY        0.00   0.81 1983   0.10  -0.10     0.77
  MONTH TO DATE    1.88               1.50   0.38     2.00
  SINCE MAR 1      3.14               4.53  -1.39     3.96
  SINCE JAN 1      6.06               9.08  -3.02     7.48

SNOWFALL (IN)
  YESTERDAY        0.0    6.0  2014   0.5   -0.5      6.0
  MONTH TO DATE    9.7                9.3    0.4     16.7
  SINCE MAR 1     21.0               44.2  -23.2     46.7
  SINCE JUL 1    175.0              196.6  -21.6    176.2
  SNOW DEPTH       0

DEGREE DAYS
 HEATING
  YESTERDAY       19                 28     -9       41
  MONTH TO DATE  400                434    -34      442
  SINCE MAR 1   1649               1697    -48     1965
  SINCE JUL 1   8960               8321    639     9287

 COOLING
  YESTERDAY        0                  0      0        0
  MONTH TO DATE    0                  0      0        0
  SINCE MAR 1      0                  0      0        0
  SINCE JAN 1      0                  0      0        0
...........................................................


WIND (MPH)
  RESULTANT WIND SPEED  MM   RESULTANT WIND DIRECTION  MM
  HIGHEST WIND SPEED    MM   HIGHEST WIND DIRECTION    MM
  HIGHEST GUST SPEED    26   HIGHEST GUST DIRECTION     W (270)
  AVERAGE WIND SPEED    MM


SKY COVER
  POSSIBLE SUNSHINE  MM
  AVERAGE SKY COVER  MM


WEATHER CONDITIONS
 THE FOLLOWING WEATHER WAS RECORDED YESTERDAY.
  NO SIGNIFICANT WEATHER WAS OBSERVED.


RELATIVE HUMIDITY (PERCENT)
 HIGHEST    MM
 LOWEST     MM
 AVERAGE    MM

..........................................................


THE MARQUETTE MI CLIMATE NORMALS FOR TODAY
                         NORMAL    RECORD    YEAR
 MAXIMUM TEMPERATURE (F)   48        76      2002
 MINIMUM TEMPERATURE (F)   28        -1      2014


SUNRISE AND SUNSET
APRIL 15 2015.........SUNRISE   704 AM EDT   SUNSET   838 PM EDT
APRIL 16 2015.........SUNRISE   702 AM EDT   SUNSET   839 PM EDT


-  INDICATES NEGATIVE NUMBERS.
R  INDICATES RECORD WAS SET OR TIED.
MM INDICATES DATA IS MISSING.
T  INDICATES TRACE AMOUNT.




$$
