000
CDUS43 KMQT 180502
CLIMQT

CLIMATE REPORT
NATIONAL WEATHER SERVICE MARQUETTE MI
101 AM EDT SAT APR 18 2015


...................................

...THE MARQUETTE MI CLIMATE SUMMARY FOR APRIL 17 2015...

CLIMATE NORMAL PERIOD 1981 TO 2010
CLIMATE RECORD PERIOD 1961 TO 2015


WEATHER ITEM   OBSERVED RECORD YEAR NORMAL DEPARTURE LAST
                VALUE   VALUE       VALUE  FROM      YEAR
                                           NORMAL
...........................................................
TEMPERATURE (F)
 YESTERDAY
  MAXIMUM         62     73    2009  49     13       34
                               2002
  MINIMUM         39     15    1983  29     10       26
  AVERAGE         51                 39     12       30

PRECIPITATION (IN)
  YESTERDAY        0.00   0.85 1975   0.10  -0.10     0.30
  MONTH TO DATE    1.88               1.81   0.07     2.94
  SINCE MAR 1      3.14               4.84  -1.70     4.90
  SINCE JAN 1      6.06               9.39  -3.33     8.42

SNOWFALL (IN)
  YESTERDAY        0.0    3.9  2014   0.5   -0.5      3.9
  MONTH TO DATE    9.7               10.8   -1.1     29.0
  SINCE MAR 1     21.0               45.7  -24.7     59.0
  SINCE JUL 1    175.0              198.1  -23.1    188.5
  SNOW DEPTH       0

DEGREE DAYS
 HEATING
  YESTERDAY       14                 26    -12       35
  MONTH TO DATE  445                514    -69      583
  SINCE MAR 1   1694               1777    -83     2106
  SINCE JUL 1   9005               8401    604     9428

 COOLING
  YESTERDAY        0                  0      0        0
  MONTH TO DATE    0                  0      0        0
  SINCE MAR 1      0                  0      0        0
  SINCE JAN 1      0                  0      0        0
...........................................................


WIND (MPH)
  RESULTANT WIND SPEED  MM   RESULTANT WIND DIRECTION  MM
  HIGHEST WIND SPEED    MM   HIGHEST WIND DIRECTION    MM
  HIGHEST GUST SPEED    14   HIGHEST GUST DIRECTION     E (90)
  AVERAGE WIND SPEED    MM


SKY COVER
  POSSIBLE SUNSHINE  MM
  AVERAGE SKY COVER  MM


WEATHER CONDITIONS
 THE FOLLOWING WEATHER WAS RECORDED YESTERDAY.
  NO SIGNIFICANT WEATHER WAS OBSERVED.


RELATIVE HUMIDITY (PERCENT)
 HIGHEST    MM
 LOWEST     MM
 AVERAGE    MM

..........................................................


THE MARQUETTE MI CLIMATE NORMALS FOR TODAY
                         NORMAL    RECORD    YEAR
 MAXIMUM TEMPERATURE (F)   49        79      2005
 MINIMUM TEMPERATURE (F)   29        15      1983
                                             1974


SUNRISE AND SUNSET
APRIL 18 2015.........SUNRISE   658 AM EDT   SUNSET   842 PM EDT
APRIL 19 2015.........SUNRISE   656 AM EDT   SUNSET   843 PM EDT


-  INDICATES NEGATIVE NUMBERS.
R  INDICATES RECORD WAS SET OR TIED.
MM INDICATES DATA IS MISSING.
T  INDICATES TRACE AMOUNT.




$$
