000
CDUS43 KMQT 060530
CLIMQT


CLIMATE REPORT
NATIONAL WEATHER SERVICE MARQUETTE MI
130 AM EDT WED MAY 6 2015


...................................

...THE MARQUETTE MI CLIMATE SUMMARY FOR MAY 5 2015...

CLIMATE NORMAL PERIOD 1981 TO 2010
CLIMATE RECORD PERIOD 1961 TO 2015


WEATHER ITEM   OBSERVED RECORD YEAR NORMAL DEPARTURE LAST
                VALUE   VALUE       VALUE  FROM      YEAR
                                           NORMAL
...........................................................
TEMPERATURE (F)
 YESTERDAY
  MAXIMUM         68     88    2000  58     10       47
  MINIMUM         33     21    1983  36     -3       26
  AVERAGE         51                 47      4       37

PRECIPITATION (IN)
  YESTERDAY        0.00   0.36 1982   0.09  -0.09      T
  MONTH TO DATE    0.71               0.45   0.26     0.49
  SINCE MAR 1      4.47               6.49  -2.02     6.90
  SINCE JAN 1      7.39              11.04  -3.65    10.42

SNOWFALL (IN)
  YESTERDAY        0.0    2.3  1970   0.1   -0.1       T
  MONTH TO DATE    T                  0.5   -0.5       T
  SINCE MAR 1     24.4               49.9  -25.5     65.8
  SINCE JUL 1    178.4              202.3  -23.9    195.3
  SNOW DEPTH       0

DEGREE DAYS
 HEATING
  YESTERDAY       14                 18     -4       28
  MONTH TO DATE   56                 95    -39      130
  SINCE MAR 1   2118               2173    -55     2604
  SINCE JUL 1   9429               8797    632     9926

 COOLING
  YESTERDAY        0                  0      0        0
  MONTH TO DATE    0                  0      0        0
  SINCE MAR 1      0                  1     -1        0
  SINCE JAN 1      0                  1     -1        0
...........................................................


WIND (MPH)
  RESULTANT WIND SPEED  MM   RESULTANT WIND DIRECTION  MM
  HIGHEST WIND SPEED    MM   HIGHEST WIND DIRECTION    MM
  HIGHEST GUST SPEED    17   HIGHEST GUST DIRECTION     E (90)
  AVERAGE WIND SPEED    MM


SKY COVER
  POSSIBLE SUNSHINE  MM
  AVERAGE SKY COVER  MM


WEATHER CONDITIONS
 THE FOLLOWING WEATHER WAS RECORDED YESTERDAY.
  NO SIGNIFICANT WEATHER WAS OBSERVED.


RELATIVE HUMIDITY (PERCENT)
 HIGHEST    MM
 LOWEST     MM
 AVERAGE    MM

..........................................................


THE MARQUETTE MI CLIMATE NORMALS FOR TODAY
                         NORMAL    RECORD    YEAR
 MAXIMUM TEMPERATURE (F)   58        85      2000
 MINIMUM TEMPERATURE (F)   37        18      1992


SUNRISE AND SUNSET
MAY  6 2015...........SUNRISE   629 AM EDT   SUNSET   906 PM EDT
MAY  7 2015...........SUNRISE   627 AM EDT   SUNSET   907 PM EDT


-  INDICATES NEGATIVE NUMBERS.
R  INDICATES RECORD WAS SET OR TIED.
MM INDICATES DATA IS MISSING.
T  INDICATES TRACE AMOUNT.




$$
