000
CDUS43 KMQT 220510
CLIMQT

CLIMATE REPORT
NATIONAL WEATHER SERVICE MARQUETTE MI
109 AM EDT WED APR 22 2015


...................................

...THE MARQUETTE MI CLIMATE SUMMARY FOR APRIL 21 2015...

CLIMATE NORMAL PERIOD 1981 TO 2010
CLIMATE RECORD PERIOD 1961 TO 2015


WEATHER ITEM   OBSERVED RECORD YEAR NORMAL DEPARTURE LAST
                VALUE   VALUE       VALUE  FROM      YEAR
                                           NORMAL
...........................................................
TEMPERATURE (F)
 YESTERDAY
  MAXIMUM         41     80    1985  51    -10       66
  MINIMUM         25      9    1982  31     -6       30
  AVERAGE         33                 41     -8       48

PRECIPITATION (IN)
  YESTERDAY        0.05   1.15 1969   0.09  -0.04      T
  MONTH TO DATE    2.37               2.18   0.19     3.01
  SINCE MAR 1      3.63               5.21  -1.58     4.97
  SINCE JAN 1      6.55               9.76  -3.21     8.49

SNOWFALL (IN)
  YESTERDAY        0.5    9.9  2009   0.3    0.2      0.0
  MONTH TO DATE   10.2               12.2   -2.0     29.0
  SINCE MAR 1     21.5               47.1  -25.6     59.0
  SINCE JUL 1    175.5              199.5  -24.0    188.5
  SNOW DEPTH       0

DEGREE DAYS
 HEATING
  YESTERDAY       32                 24      8       17
  MONTH TO DATE  551                614    -63      685
  SINCE MAR 1   1800               1877    -77     2208
  SINCE JUL 1   9111               8501    610     9530

 COOLING
  YESTERDAY        0                  0      0        0
  MONTH TO DATE    0                  0      0        0
  SINCE MAR 1      0                  0      0        0
  SINCE JAN 1      0                  0      0        0
...........................................................


WIND (MPH)
  RESULTANT WIND SPEED  MM   RESULTANT WIND DIRECTION  MM
  HIGHEST WIND SPEED    MM   HIGHEST WIND DIRECTION    MM
  HIGHEST GUST SPEED    27   HIGHEST GUST DIRECTION     W (270)
  AVERAGE WIND SPEED    MM


SKY COVER
  POSSIBLE SUNSHINE  MM
  AVERAGE SKY COVER  MM


WEATHER CONDITIONS
 THE FOLLOWING WEATHER WAS RECORDED YESTERDAY.
  LIGHT SNOW


RELATIVE HUMIDITY (PERCENT)
 HIGHEST    MM
 LOWEST     MM
 AVERAGE    MM

..........................................................


THE MARQUETTE MI CLIMATE NORMALS FOR TODAY
                         NORMAL    RECORD    YEAR
 MAXIMUM TEMPERATURE (F)   51        92      1980
 MINIMUM TEMPERATURE (F)   31        14      1986


SUNRISE AND SUNSET
APRIL 22 2015.........SUNRISE   651 AM EDT   SUNSET   847 PM EDT
APRIL 23 2015.........SUNRISE   649 AM EDT   SUNSET   849 PM EDT


-  INDICATES NEGATIVE NUMBERS.
R  INDICATES RECORD WAS SET OR TIED.
MM INDICATES DATA IS MISSING.
T  INDICATES TRACE AMOUNT.




$$
