000
CDUS43 KMQT 070513
CLIMQT


CLIMATE REPORT
NATIONAL WEATHER SERVICE MARQUETTE MI
113 AM EDT TUE APR 7 2015


...................................

...THE MARQUETTE MI CLIMATE SUMMARY FOR APRIL 6 2015...

CLIMATE NORMAL PERIOD 1981 TO 2010
CLIMATE RECORD PERIOD 1961 TO 2015


WEATHER ITEM   OBSERVED RECORD YEAR NORMAL DEPARTURE LAST
                VALUE   VALUE       VALUE  FROM      YEAR
                                           NORMAL
...........................................................
TEMPERATURE (F)
 YESTERDAY
  MAXIMUM         34     79    1991  43     -9       54
  MINIMUM         21     -9    2003  23     -2       34
  AVERAGE         28                 33     -5       44

PRECIPITATION (IN)
  YESTERDAY        0.00   1.04 2005   0.11  -0.11      T
  MONTH TO DATE    0.09               0.64  -0.55     1.13
  SINCE MAR 1      1.35               3.67  -2.32     3.09
  SINCE JAN 1      4.27               8.22  -3.95     6.61

SNOWFALL (IN)
  YESTERDAY        0.0    6.7  2007   0.7   -0.7      0.0
  MONTH TO DATE    0.2                4.5   -4.3     10.7
  SINCE MAR 1     11.5               39.4  -27.9     40.7
  SINCE JUL 1    165.5              191.8  -26.3    170.2
  SNOW DEPTH      10

DEGREE DAYS
 HEATING
  YESTERDAY       37                 32      5       21
  MONTH TO DATE  202                198      4      211
  SINCE MAR 1   1451               1461    -10     1734
  SINCE JUL 1   8762               8085    677     9056

 COOLING
  YESTERDAY        0                  0      0        0
  MONTH TO DATE    0                  0      0        0
  SINCE MAR 1      0                  0      0        0
  SINCE JAN 1      0                  0      0        0
...........................................................


WIND (MPH)
  RESULTANT WIND SPEED  MM   RESULTANT WIND DIRECTION  MM
  HIGHEST WIND SPEED    MM   HIGHEST WIND DIRECTION    MM
  HIGHEST GUST SPEED    14   HIGHEST GUST DIRECTION     E (90)
  AVERAGE WIND SPEED    MM


SKY COVER
  POSSIBLE SUNSHINE  MM
  AVERAGE SKY COVER  MM


WEATHER CONDITIONS
 THE FOLLOWING WEATHER WAS RECORDED YESTERDAY.
  NO SIGNIFICANT WEATHER WAS OBSERVED.


RELATIVE HUMIDITY (PERCENT)
 HIGHEST    MM
 LOWEST     MM
 AVERAGE    MM

..........................................................


THE MARQUETTE MI CLIMATE NORMALS FOR TODAY
                         NORMAL    RECORD    YEAR
 MAXIMUM TEMPERATURE (F)   43        77      1991
 MINIMUM TEMPERATURE (F)   24        -5      1979


SUNRISE AND SUNSET
APRIL  7 2015.........SUNRISE   719 AM EDT   SUNSET   827 PM EDT
APRIL  8 2015.........SUNRISE   717 AM EDT   SUNSET   828 PM EDT


-  INDICATES NEGATIVE NUMBERS.
R  INDICATES RECORD WAS SET OR TIED.
MM INDICATES DATA IS MISSING.
T  INDICATES TRACE AMOUNT.

$$
