000
CDUS43 KMQT 050518
CLIMQT


CLIMATE REPORT
NATIONAL WEATHER SERVICE MARQUETTE MI
117 AM EDT TUE MAY 5 2015


...................................

...THE MARQUETTE MI CLIMATE SUMMARY FOR MAY 4 2015...

CLIMATE NORMAL PERIOD 1981 TO 2010
CLIMATE RECORD PERIOD 1961 TO 2015


WEATHER ITEM   OBSERVED RECORD YEAR NORMAL DEPARTURE LAST
                VALUE   VALUE       VALUE  FROM      YEAR
                                           NORMAL
...........................................................
TEMPERATURE (F)
 YESTERDAY
  MAXIMUM         58     85    1980  57      1       45
  MINIMUM         38     21    1976  36      2       27
                               1966
  AVERAGE         48                 47      1       36

PRECIPITATION (IN)
  YESTERDAY        0.00   0.82 1981   0.09  -0.09      T
  MONTH TO DATE    0.71               0.36   0.35     0.49
  SINCE MAR 1      4.47               6.40  -1.93     6.90
  SINCE JAN 1      7.39              10.95  -3.56    10.42

SNOWFALL (IN)
  YESTERDAY        0.0    T    2014   0.1   -0.1       T
                               1983
  MONTH TO DATE    T                  0.4   -0.4       T
  SINCE MAR 1     24.4               49.8  -25.4     65.8
  SINCE JUL 1    178.4              202.2  -23.8    195.3
  SNOW DEPTH       0

DEGREE DAYS
 HEATING
  YESTERDAY       17                 19     -2       29
  MONTH TO DATE   42                 77    -35      102
  SINCE MAR 1   2104               2155    -51     2576
  SINCE JUL 1   9415               8779    636     9898

 COOLING
  YESTERDAY        0                  0      0        0
  MONTH TO DATE    0                  0      0        0
  SINCE MAR 1      0                  1     -1        0
  SINCE JAN 1      0                  1     -1        0
...........................................................


WIND (MPH)
  RESULTANT WIND SPEED  MM   RESULTANT WIND DIRECTION  MM
  HIGHEST WIND SPEED    MM   HIGHEST WIND DIRECTION    MM
  HIGHEST GUST SPEED    21   HIGHEST GUST DIRECTION    NW (315)
  AVERAGE WIND SPEED    MM


SKY COVER
  POSSIBLE SUNSHINE  MM
  AVERAGE SKY COVER  MM


WEATHER CONDITIONS
 THE FOLLOWING WEATHER WAS RECORDED YESTERDAY.
  NO SIGNIFICANT WEATHER WAS OBSERVED.


RELATIVE HUMIDITY (PERCENT)
 HIGHEST    MM
 LOWEST     MM
 AVERAGE    MM

..........................................................


THE MARQUETTE MI CLIMATE NORMALS FOR TODAY
                         NORMAL    RECORD    YEAR
 MAXIMUM TEMPERATURE (F)   58        88      2000
 MINIMUM TEMPERATURE (F)   36        21      1983


SUNRISE AND SUNSET
MAY  5 2015...........SUNRISE   630 AM EDT   SUNSET   904 PM EDT
MAY  6 2015...........SUNRISE   629 AM EDT   SUNSET   906 PM EDT


-  INDICATES NEGATIVE NUMBERS.
R  INDICATES RECORD WAS SET OR TIED.
MM INDICATES DATA IS MISSING.
T  INDICATES TRACE AMOUNT.




$$
