000
CDUS41 KALY 220623
CLIALB


CLIMATE REPORT
NATIONAL WEATHER SERVICE ALBANY NY
222 AM EDT WED APR 22 2015


...................................

...THE ALBANY NY CLIMATE SUMMARY FOR APRIL 21 2015...

CLIMATE NORMAL PERIOD 1981 TO 2010
CLIMATE RECORD PERIOD 1874 TO 2015


WEATHER ITEM   OBSERVED TIME   RECORD YEAR NORMAL DEPARTURE LAST
                VALUE   (LST)  VALUE       VALUE  FROM      YEAR
                                                  NORMAL
..................................................................
TEMPERATURE (F)
 YESTERDAY
  MAXIMUM         61    124 PM  89    1923  61      0       73
  MINIMUM         45   1018 PM  20    1875  39      6       38
  AVERAGE         53                        50      3       56

PRECIPITATION (IN)
  YESTERDAY        0.54          1.58 1991   0.09   0.45     0.00
  MONTH TO DATE    1.82                      2.23  -0.41     1.05
  SINCE MAR 1      3.07                      5.44  -2.37     3.77
  SINCE JAN 1      7.39                     10.23  -2.84     9.56

SNOWFALL (IN)
  YESTERDAY        0.0           0.6  1947   0.0    0.0      0.0
  MONTH TO DATE    T                         2.0   -2.0      2.4
  SINCE MAR 1      5.3                      12.2   -6.9      8.3
  SINCE JUL 1     75.9                      58.7   17.2     73.5
  SNOW DEPTH       0

DEGREE DAYS
 HEATING
  YESTERDAY       12                        15     -3        9
  MONTH TO DATE  371                       400    -29      382
  SINCE MAR 1   1456                      1329    127     1529
  SINCE JUL 1   6586                      6273    313     6646

 COOLING
  YESTERDAY        0                         0      0        0
  MONTH TO DATE    0                         0      0        6
  SINCE MAR 1      0                         0      0        6
  SINCE JAN 1      0                         0      0        6
..................................................................


WIND (MPH)
  HIGHEST WIND SPEED    23   HIGHEST WIND DIRECTION    NW (300)
  HIGHEST GUST SPEED    30   HIGHEST GUST DIRECTION    NW (310)
  AVERAGE WIND SPEED     7.3


SKY COVER
  AVERAGE SKY COVER 0.8



RELATIVE HUMIDITY (PERCENT)
 HIGHEST    89
 LOWEST     37
 AVERAGE    63

..........................................................


THE ALBANY NY CLIMATE NORMALS FOR TODAY
                         NORMAL    RECORD    YEAR
 MAXIMUM TEMPERATURE (F)   61        86      1985
 MINIMUM TEMPERATURE (F)   40        20      1947


SUNRISE AND SUNSET
APRIL 22 2015.........SUNRISE   603 AM EDT   SUNSET   745 PM EDT
APRIL 23 2015.........SUNRISE   602 AM EDT   SUNSET   746 PM EDT


-  INDICATES NEGATIVE NUMBERS.
R  INDICATES RECORD WAS SET OR TIED.
MM INDICATES DATA IS MISSING.
T  INDICATES TRACE AMOUNT.




$$
