000
CDUS41 KALY 040629
CLIALB


CLIMATE REPORT
NATIONAL WEATHER SERVICE ALBANY NY
227 AM EDT MON MAY 4 2015


...................................

...THE ALBANY NY CLIMATE SUMMARY FOR MAY 3 2015...

CLIMATE NORMAL PERIOD 1981 TO 2010
CLIMATE RECORD PERIOD 1874 TO 2015


WEATHER ITEM   OBSERVED TIME   RECORD YEAR NORMAL DEPARTURE LAST
                VALUE   (LST)  VALUE       VALUE  FROM      YEAR
                                                  NORMAL
..................................................................
TEMPERATURE (F)
 YESTERDAY
  MAXIMUM         80    242 PM  89    2001  66     14       64
                                      1913
  MINIMUM         47    340 AM  29    1966  43      4       47
  AVERAGE         64                        54     10       56

PRECIPITATION (IN)
  YESTERDAY        0.00          1.55 1936   0.11  -0.11     0.08
  MONTH TO DATE    0.00                      0.32  -0.32     0.23
  SINCE MAR 1      3.35                      6.70  -3.35     5.39
  SINCE JAN 1      7.67                     11.49  -3.82    11.18

SNOWFALL (IN)
  YESTERDAY        0.0           T    1986   0.0    0.0      0.0
  MONTH TO DATE    0.0                       0.0    0.0      0.0
  SINCE MAR 1      5.3                      12.5   -7.2      8.3
  SINCE JUL 1     75.9                      59.0   16.9     73.5
  SNOW DEPTH       0

DEGREE DAYS
 HEATING
  YESTERDAY        1                        11    -10        9
  MONTH TO DATE   16                        34    -18       27
  SINCE MAR 1   1612                      1483    129     1699
  SINCE JUL 1   6742                      6427    315     6816

 COOLING
  YESTERDAY        0                         0      0        0
  MONTH TO DATE    0                         0      0        0
  SINCE MAR 1      0                         4     -4        6
  SINCE JAN 1      0                         4     -4        6
..................................................................


WIND (MPH)
  HIGHEST WIND SPEED    15   HIGHEST WIND DIRECTION    SW (210)
  HIGHEST GUST SPEED    20   HIGHEST GUST DIRECTION    SW (210)
  AVERAGE WIND SPEED     4.1


SKY COVER
  AVERAGE SKY COVER 0.4



RELATIVE HUMIDITY (PERCENT)
 HIGHEST    74
 LOWEST     23
 AVERAGE    49

..........................................................


THE ALBANY NY CLIMATE NORMALS FOR TODAY
                         NORMAL    RECORD    YEAR
 MAXIMUM TEMPERATURE (F)   66        91      1944
 MINIMUM TEMPERATURE (F)   44        28      1985


SUNRISE AND SUNSET
MAY  4 2015...........SUNRISE   546 AM EDT   SUNSET   759 PM EDT
MAY  5 2015...........SUNRISE   545 AM EDT   SUNSET   800 PM EDT


-  INDICATES NEGATIVE NUMBERS.
R  INDICATES RECORD WAS SET OR TIED.
MM INDICATES DATA IS MISSING.
T  INDICATES TRACE AMOUNT.




$$
