000
CDUS41 KALY 280629
CLIALB


CLIMATE REPORT
NATIONAL WEATHER SERVICE ALBANY NY
227 AM EDT SAT MAR 28 2015


...................................

...THE ALBANY NY CLIMATE SUMMARY FOR MARCH 27 2015...

CLIMATE NORMAL PERIOD 1981 TO 2010
CLIMATE RECORD PERIOD 1874 TO 2015


WEATHER ITEM   OBSERVED TIME   RECORD YEAR NORMAL DEPARTURE LAST
                VALUE   (LST)  VALUE       VALUE  FROM      YEAR
                                                  NORMAL
..................................................................
TEMPERATURE (F)
 YESTERDAY
  MAXIMUM         46    409 PM  78    1998  49     -3       42
  MINIMUM         32   1159 PM  11    1975  30      2       15
  AVERAGE         39                        40     -1       29

PRECIPITATION (IN)
  YESTERDAY        T             1.21 1913   0.11  -0.11      T
  MONTH TO DATE    1.19                      2.79  -1.60     0.98
  SINCE MAR 1      1.19                      2.79  -1.60     0.98
  SINCE JAN 1      5.51                      7.58  -2.07     6.77

SNOWFALL (IN)
  YESTERDAY        0.1           6.7  1959   0.2   -0.1       T
  MONTH TO DATE    3.3                       9.4   -6.1      5.9
  SINCE MAR 1      3.3                       9.4   -6.1      5.9
  SINCE JUL 1     73.9                      55.9   18.0     71.1
  SNOW DEPTH       0

DEGREE DAYS
 HEATING
  YESTERDAY       26                        26      0       36
  MONTH TO DATE  956                       830    126     1051
  SINCE MAR 1    956                       830    126     1051
  SINCE JUL 1   6086                      5774    312     6168

 COOLING
  YESTERDAY        0                         0      0        0
  MONTH TO DATE    0                         0      0        0
  SINCE MAR 1      0                         0      0        0
  SINCE JAN 1      0                         0      0        0
..................................................................


WIND (MPH)
  HIGHEST WIND SPEED    18   HIGHEST WIND DIRECTION    NW (300)
  HIGHEST GUST SPEED    25   HIGHEST GUST DIRECTION     W (290)
  AVERAGE WIND SPEED     9.0


SKY COVER
  AVERAGE SKY COVER 0.9



RELATIVE HUMIDITY (PERCENT)
 HIGHEST    85
 LOWEST     49
 AVERAGE    67

..........................................................


THE ALBANY NY CLIMATE NORMALS FOR TODAY
                         NORMAL    RECORD    YEAR
 MAXIMUM TEMPERATURE (F)   50        85      1945
 MINIMUM TEMPERATURE (F)   30         3      1923


SUNRISE AND SUNSET
MARCH 28 2015.........SUNRISE   645 AM EDT   SUNSET   716 PM EDT
MARCH 29 2015.........SUNRISE   643 AM EDT   SUNSET   718 PM EDT


-  INDICATES NEGATIVE NUMBERS.
R  INDICATES RECORD WAS SET OR TIED.
MM INDICATES DATA IS MISSING.
T  INDICATES TRACE AMOUNT.




$$
