000
CDUS41 KALY 262049
CLIALB


CLIMATE REPORT
NATIONAL WEATHER SERVICE ALBANY NY
449 PM EDT SUN APR 26 2015


...................................

...THE ALBANY NY CLIMATE SUMMARY FOR APRIL 26 2015...
VALID TODAY AS OF 0400 PM LOCAL TIME.

CLIMATE NORMAL PERIOD 1981 TO 2010
CLIMATE RECORD PERIOD 1874 TO 2015


WEATHER ITEM   OBSERVED TIME   RECORD YEAR NORMAL DEPARTURE LAST
                VALUE   (LST)  VALUE       VALUE  FROM      YEAR
                                                  NORMAL
..................................................................
TEMPERATURE (F)
 TODAY
  MAXIMUM         59   1232 PM  90    1990  63     -4       59
  MINIMUM         41    550 AM  24    1972  41      0       43
  AVERAGE         50                        52     -2       51

PRECIPITATION (IN)
  TODAY            0.00          0.89 1953   0.11  -0.11     0.48
  MONTH TO DATE    2.08                      2.74  -0.66     1.82
  SINCE MAR 1      3.33                      5.95  -2.62     4.54
  SINCE JAN 1      7.65                     10.74  -3.09    10.33

SNOWFALL (IN)
  TODAY            0.0           0.3  1993   0.0    0.0      0.0
  MONTH TO DATE    T                         2.2   -2.2      2.4
  SINCE MAR 1      5.3                      12.4   -7.1      8.3
  SINCE JUL 1     75.9                      58.9   17.0     73.5
  SNOW DEPTH       0

DEGREE DAYS
 HEATING
  TODAY           15                        13      2       14
  MONTH TO DATE  473                       470      3      454
  SINCE MAR 1   1558                      1399    159     1601
  SINCE JUL 1   6688                      6343    345     6718

 COOLING
  TODAY            0                         0      0        0
  MONTH TO DATE    0                         0      0        6
  SINCE MAR 1      0                         0      0        6
  SINCE JAN 1      0                         0      0        6
..................................................................


WIND (MPH)
  HIGHEST WIND SPEED    18   HIGHEST WIND DIRECTION    NW (310)
  HIGHEST GUST SPEED    23   HIGHEST GUST DIRECTION    NW (320)
  AVERAGE WIND SPEED     5.7


SKY COVER
  AVERAGE SKY COVER 0.9



RELATIVE HUMIDITY (PERCENT)
 HIGHEST    60           500 AM
 LOWEST     35          1100 AM
 AVERAGE    48

..........................................................


THE ALBANY NY CLIMATE NORMALS FOR TOMORROW
                         NORMAL    RECORD    YEAR
 MAXIMUM TEMPERATURE (F)   63        91      1962
 MINIMUM TEMPERATURE (F)   41        26      1963


SUNRISE AND SUNSET
APRIL 26 2015.........SUNRISE   557 AM EDT   SUNSET   750 PM EDT
APRIL 27 2015.........SUNRISE   556 AM EDT   SUNSET   751 PM EDT


-  INDICATES NEGATIVE NUMBERS.
R  INDICATES RECORD WAS SET OR TIED.
MM INDICATES DATA IS MISSING.
T  INDICATES TRACE AMOUNT.




$$
