000
CDUS41 KALY 200626
CLIALB


CLIMATE REPORT
NATIONAL WEATHER SERVICE ALBANY NY
225 AM EDT MON APR 20 2015


...................................

...THE ALBANY NY CLIMATE SUMMARY FOR APRIL 19 2015...

CLIMATE NORMAL PERIOD 1981 TO 2010
CLIMATE RECORD PERIOD 1874 TO 2015


WEATHER ITEM   OBSERVED TIME   RECORD YEAR NORMAL DEPARTURE LAST
                VALUE   (LST)  VALUE       VALUE  FROM      YEAR
                                                  NORMAL
..................................................................
TEMPERATURE (F)
 YESTERDAY
  MAXIMUM         62    456 PM  92    1976  60      2       61
  MINIMUM         39    506 AM  18    1875  39      0       34
  AVERAGE         51                        49      2       48

PRECIPITATION (IN)
  YESTERDAY        0.00          1.65 1983   0.10  -0.10      T
  MONTH TO DATE    1.16                      2.03  -0.87     1.05
  SINCE MAR 1      2.41                      5.24  -2.83     3.77
  SINCE JAN 1      6.73                     10.03  -3.30     9.56

SNOWFALL (IN)
  YESTERDAY        0.0           8.8  1983   0.0    0.0      0.0
  MONTH TO DATE    T                         1.9   -1.9      2.4
  SINCE MAR 1      5.3                      12.1   -6.8      8.3
  SINCE JUL 1     75.9                      58.6   17.3     73.5
  SNOW DEPTH       0

DEGREE DAYS
 HEATING
  YESTERDAY       14                        16     -2       17
  MONTH TO DATE  343                       370    -27      354
  SINCE MAR 1   1428                      1299    129     1501
  SINCE JUL 1   6558                      6243    315     6618

 COOLING
  YESTERDAY        0                         0      0        0
  MONTH TO DATE    0                         0      0        6
  SINCE MAR 1      0                         0      0        6
  SINCE JAN 1      0                         0      0        6
..................................................................


WIND (MPH)
  HIGHEST WIND SPEED    20   HIGHEST WIND DIRECTION     S (160)
  HIGHEST GUST SPEED    26   HIGHEST GUST DIRECTION     S (170)
  AVERAGE WIND SPEED     7.3


SKY COVER
  AVERAGE SKY COVER 0.5



RELATIVE HUMIDITY (PERCENT)
 HIGHEST    70
 LOWEST     25
 AVERAGE    48

..........................................................


THE ALBANY NY CLIMATE NORMALS FOR TODAY
                         NORMAL    RECORD    YEAR
 MAXIMUM TEMPERATURE (F)   61        93      1941
 MINIMUM TEMPERATURE (F)   39        19      1875


SUNRISE AND SUNSET
APRIL 20 2015.........SUNRISE   606 AM EDT   SUNSET   743 PM EDT
APRIL 21 2015.........SUNRISE   605 AM EDT   SUNSET   744 PM EDT


-  INDICATES NEGATIVE NUMBERS.
R  INDICATES RECORD WAS SET OR TIED.
MM INDICATES DATA IS MISSING.
T  INDICATES TRACE AMOUNT.




$$
