000
CDUS41 KALY 100624
CLIALB


CLIMATE REPORT
NATIONAL WEATHER SERVICE ALBANY NY
224 AM EDT FRI APR 10 2015


...................................

...THE ALBANY NY CLIMATE SUMMARY FOR APRIL 9 2015...

CLIMATE NORMAL PERIOD 1981 TO 2010
CLIMATE RECORD PERIOD 1874 TO 2015


WEATHER ITEM   OBSERVED TIME   RECORD YEAR NORMAL DEPARTURE LAST
                VALUE   (LST)  VALUE       VALUE  FROM      YEAR
                                                  NORMAL
..................................................................
TEMPERATURE (F)
 YESTERDAY
  MAXIMUM         42    431 PM  77    1991  55    -13       54
  MINIMUM         34    611 AM  16    1977  35     -1       31
  AVERAGE         38                        45     -7       43

PRECIPITATION (IN)
  YESTERDAY        0.15          1.56 2000   0.11   0.04     0.00
  MONTH TO DATE    0.88                      0.97  -0.09     0.16
  SINCE MAR 1      2.13                      4.18  -2.05     2.88
  SINCE JAN 1      6.45                      8.97  -2.52     8.67

SNOWFALL (IN)
  YESTERDAY        0.0          13.3  2000   0.1   -0.1      0.0
  MONTH TO DATE    T                         1.1   -1.1       T
  SINCE MAR 1      5.3                      11.3   -6.0      5.9
  SINCE JUL 1     75.9                      57.8   18.1     71.1
  SNOW DEPTH       0

DEGREE DAYS
 HEATING
  YESTERDAY       27                        20      7       22
  MONTH TO DATE  208                       194     14      189
  SINCE MAR 1   1293                      1123    170     1336
  SINCE JUL 1   6423                      6067    356     6453

 COOLING
  YESTERDAY        0                         0      0        0
  MONTH TO DATE    0                         0      0        0
  SINCE MAR 1      0                         0      0        0
  SINCE JAN 1      0                         0      0        0
..................................................................


WIND (MPH)
  HIGHEST WIND SPEED    18   HIGHEST WIND DIRECTION     S (170)
  HIGHEST GUST SPEED    27   HIGHEST GUST DIRECTION     S (160)
  AVERAGE WIND SPEED     8.1


SKY COVER
  AVERAGE SKY COVER 1.0



RELATIVE HUMIDITY (PERCENT)
 HIGHEST    96
 LOWEST     62
 AVERAGE    79

..........................................................


THE ALBANY NY CLIMATE NORMALS FOR TODAY
                         NORMAL    RECORD    YEAR
 MAXIMUM TEMPERATURE (F)   56        86      1922
 MINIMUM TEMPERATURE (F)   35        21      1974


SUNRISE AND SUNSET
APRIL 10 2015.........SUNRISE   623 AM EDT   SUNSET   731 PM EDT
APRIL 11 2015.........SUNRISE   621 AM EDT   SUNSET   732 PM EDT


-  INDICATES NEGATIVE NUMBERS.
R  INDICATES RECORD WAS SET OR TIED.
MM INDICATES DATA IS MISSING.
T  INDICATES TRACE AMOUNT.




$$
