000
CDUS41 KALY 170630
CLIALB


CLIMATE REPORT
NATIONAL WEATHER SERVICE ALBANY NY
229 AM EDT FRI APR 17 2015


...................................

...THE ALBANY NY CLIMATE SUMMARY FOR APRIL 16 2015...

CLIMATE NORMAL PERIOD 1981 TO 2010
CLIMATE RECORD PERIOD 1874 TO 2015


WEATHER ITEM   OBSERVED TIME   RECORD YEAR NORMAL DEPARTURE LAST
                VALUE   (LST)  VALUE       VALUE  FROM      YEAR
                                                  NORMAL
..................................................................
TEMPERATURE (F)
 YESTERDAY
  MAXIMUM         69    403 PM  91    2012  59     10       42
  MINIMUM         31    450 AM  22    1981  38     -7       26
  AVERAGE         50                        48      2       34

PRECIPITATION (IN)
  YESTERDAY        0.00          1.76 1983   0.11  -0.11      T
  MONTH TO DATE    1.05                      1.73  -0.68     1.05
  SINCE MAR 1      2.30                      4.94  -2.64     3.77
  SINCE JAN 1      6.62                      9.73  -3.11     9.56

SNOWFALL (IN)
  YESTERDAY        0.0           5.3  1983   0.1   -0.1       T
  MONTH TO DATE    T                         1.7   -1.7      2.4
  SINCE MAR 1      5.3                      11.9   -6.6      8.3
  SINCE JUL 1     75.9                      58.4   17.5     73.5
  SNOW DEPTH       0

DEGREE DAYS
 HEATING
  YESTERDAY       15                        17     -2       31
  MONTH TO DATE  314                       321     -7      286
  SINCE MAR 1   1399                      1250    149     1433
  SINCE JUL 1   6529                      6194    335     6550

 COOLING
  YESTERDAY        0                         0      0        0
  MONTH TO DATE    0                         0      0        6
  SINCE MAR 1      0                         0      0        6
  SINCE JAN 1      0                         0      0        6
..................................................................


WIND (MPH)
  HIGHEST WIND SPEED    21   HIGHEST WIND DIRECTION     S (180)
  HIGHEST GUST SPEED    28   HIGHEST GUST DIRECTION     S (160)
  AVERAGE WIND SPEED     8.9


SKY COVER
  AVERAGE SKY COVER 0.5



RELATIVE HUMIDITY (PERCENT)
 HIGHEST    69
 LOWEST     14
 AVERAGE    42

..........................................................


THE ALBANY NY CLIMATE NORMALS FOR TODAY
                         NORMAL    RECORD    YEAR
 MAXIMUM TEMPERATURE (F)   59        91      2002
 MINIMUM TEMPERATURE (F)   38        21      1971


SUNRISE AND SUNSET
APRIL 17 2015.........SUNRISE   611 AM EDT   SUNSET   739 PM EDT
APRIL 18 2015.........SUNRISE   609 AM EDT   SUNSET   740 PM EDT


-  INDICATES NEGATIVE NUMBERS.
R  INDICATES RECORD WAS SET OR TIED.
MM INDICATES DATA IS MISSING.
T  INDICATES TRACE AMOUNT.




$$
