000
CDUS41 KALY 090624
CLIALB


CLIMATE REPORT
NATIONAL WEATHER SERVICE ALBANY NY
222 AM EDT THU APR 9 2015


...................................

...THE ALBANY NY CLIMATE SUMMARY FOR APRIL 8 2015...

CLIMATE NORMAL PERIOD 1981 TO 2010
CLIMATE RECORD PERIOD 1874 TO 2015


WEATHER ITEM   OBSERVED TIME   RECORD YEAR NORMAL DEPARTURE LAST
                VALUE   (LST)  VALUE       VALUE  FROM      YEAR
                                                  NORMAL
..................................................................
TEMPERATURE (F)
 YESTERDAY
  MAXIMUM         41    203 PM  88    1929  55    -14       65
  MINIMUM         33    512 AM  19    1982  35     -2       42
  AVERAGE         37                        45     -8       54

PRECIPITATION (IN)
  YESTERDAY        0.35          1.50 1914   0.11   0.24     0.04
  MONTH TO DATE    0.73                      0.86  -0.13     0.16
  SINCE MAR 1      1.98                      4.07  -2.09     2.88
  SINCE JAN 1      6.30                      8.86  -2.56     8.67

SNOWFALL (IN)
  YESTERDAY        T             4.5  1907   0.1   -0.1      0.0
  MONTH TO DATE    T                         1.0   -1.0       T
  SINCE MAR 1      5.3                      11.2   -5.9      5.9
  SINCE JUL 1     75.9                      57.7   18.2     71.1
  SNOW DEPTH       0

DEGREE DAYS
 HEATING
  YESTERDAY       28                        20      8       11
  MONTH TO DATE  181                       174      7      167
  SINCE MAR 1   1266                      1103    163     1314
  SINCE JUL 1   6396                      6047    349     6431

 COOLING
  YESTERDAY        0                         0      0        0
  MONTH TO DATE    0                         0      0        0
  SINCE MAR 1      0                         0      0        0
  SINCE JAN 1      0                         0      0        0
..................................................................


WIND (MPH)
  HIGHEST WIND SPEED    13   HIGHEST WIND DIRECTION     N (20)
  HIGHEST GUST SPEED    19   HIGHEST GUST DIRECTION    SE (140)
  AVERAGE WIND SPEED     4.5


SKY COVER
  AVERAGE SKY COVER 1.0



RELATIVE HUMIDITY (PERCENT)
 HIGHEST    82
 LOWEST     35
 AVERAGE    59

..........................................................


THE ALBANY NY CLIMATE NORMALS FOR TODAY
                         NORMAL    RECORD    YEAR
 MAXIMUM TEMPERATURE (F)   55        77      1991
 MINIMUM TEMPERATURE (F)   35        16      1977


SUNRISE AND SUNSET
APRIL  9 2015.........SUNRISE   624 AM EDT   SUNSET   730 PM EDT
APRIL 10 2015.........SUNRISE   623 AM EDT   SUNSET   731 PM EDT


-  INDICATES NEGATIVE NUMBERS.
R  INDICATES RECORD WAS SET OR TIED.
MM INDICATES DATA IS MISSING.
T  INDICATES TRACE AMOUNT.




$$
