000
CDUS41 KALY 050628
CLIALB


CLIMATE REPORT
NATIONAL WEATHER SERVICE ALBANY NY
228 AM EDT TUE MAY 5 2015


...................................

...THE ALBANY NY CLIMATE SUMMARY FOR MAY 4 2015...

CLIMATE NORMAL PERIOD 1981 TO 2010
CLIMATE RECORD PERIOD 1874 TO 2015


WEATHER ITEM   OBSERVED TIME   RECORD YEAR NORMAL DEPARTURE LAST
                VALUE   (LST)  VALUE       VALUE  FROM      YEAR
                                                  NORMAL
..................................................................
TEMPERATURE (F)
 YESTERDAY
  MAXIMUM         87    224 PM  91    1944  66     21       53
  MINIMUM         56    520 AM  28    1985  44     12       45
  AVERAGE         72                        55     17       49

PRECIPITATION (IN)
  YESTERDAY        0.00          2.17 1893   0.11  -0.11      T
  MONTH TO DATE    0.00                      0.43  -0.43     0.23
  SINCE MAR 1      3.35                      6.81  -3.46     5.39
  SINCE JAN 1      7.67                     11.60  -3.93    11.18

SNOWFALL (IN)
  YESTERDAY        0.0           T    1986   0.0    0.0      0.0
  MONTH TO DATE    0.0                       0.0    0.0      0.0
  SINCE MAR 1      5.3                      12.5   -7.2      8.3
  SINCE JUL 1     75.9                      59.0   16.9     73.5
  SNOW DEPTH       0

DEGREE DAYS
 HEATING
  YESTERDAY        0                        11    -11       16
  MONTH TO DATE   16                        45    -29       43
  SINCE MAR 1   1612                      1494    118     1715
  SINCE JUL 1   6742                      6438    304     6832

 COOLING
  YESTERDAY        7                         0      7        0
  MONTH TO DATE    7                         0      7        0
  SINCE MAR 1      7                         4      3        6
  SINCE JAN 1      7                         4      3        6
..................................................................


WIND (MPH)
  HIGHEST WIND SPEED    20   HIGHEST WIND DIRECTION    NW (300)
  HIGHEST GUST SPEED    26   HIGHEST GUST DIRECTION    NW (310)
  AVERAGE WIND SPEED     9.2


SKY COVER
  AVERAGE SKY COVER 0.5



RELATIVE HUMIDITY (PERCENT)
 HIGHEST    55
 LOWEST     19
 AVERAGE    37

..........................................................


THE ALBANY NY CLIMATE NORMALS FOR TODAY
                         NORMAL    RECORD    YEAR
 MAXIMUM TEMPERATURE (F)   66        91      1944
 MINIMUM TEMPERATURE (F)   44        29      1974


SUNRISE AND SUNSET
MAY  5 2015...........SUNRISE   545 AM EDT   SUNSET   800 PM EDT
MAY  6 2015...........SUNRISE   543 AM EDT   SUNSET   801 PM EDT


-  INDICATES NEGATIVE NUMBERS.
R  INDICATES RECORD WAS SET OR TIED.
MM INDICATES DATA IS MISSING.
T  INDICATES TRACE AMOUNT.




$$
