000
CDUS41 KALY 210715
CLIALB


CLIMATE REPORT
NATIONAL WEATHER SERVICE ALBANY NY
314 AM EDT TUE APR 21 2015


...................................

...THE ALBANY NY CLIMATE SUMMARY FOR APRIL 20 2015...

CLIMATE NORMAL PERIOD 1981 TO 2010
CLIMATE RECORD PERIOD 1874 TO 2015


WEATHER ITEM   OBSERVED TIME   RECORD YEAR NORMAL DEPARTURE LAST
                VALUE   (LST)  VALUE       VALUE  FROM      YEAR
                                                  NORMAL
..................................................................
TEMPERATURE (F)
 YESTERDAY
  MAXIMUM         55    651 PM  93    1941  61     -6       63
  MINIMUM         43    655 AM  19    1875  39      4       29
  AVERAGE         49                        50     -1       46

PRECIPITATION (IN)
  YESTERDAY        0.12          1.03 1914   0.11   0.01     0.00
  MONTH TO DATE    1.28                      2.14  -0.86     1.05
  SINCE MAR 1      2.53                      5.35  -2.82     3.77
  SINCE JAN 1      6.85                     10.14  -3.29     9.56

SNOWFALL (IN)
  YESTERDAY        0.0           5.8  1947   0.1   -0.1      0.0
  MONTH TO DATE    T                         2.0   -2.0      2.4
  SINCE MAR 1      5.3                      12.2   -6.9      8.3
  SINCE JUL 1     75.9                      58.7   17.2     73.5
  SNOW DEPTH       0

DEGREE DAYS
 HEATING
  YESTERDAY       16                        15      1       19
  MONTH TO DATE  359                       385    -26      373
  SINCE MAR 1   1444                      1314    130     1520
  SINCE JUL 1   6574                      6258    316     6637

 COOLING
  YESTERDAY        0                         0      0        0
  MONTH TO DATE    0                         0      0        6
  SINCE MAR 1      0                         0      0        6
  SINCE JAN 1      0                         0      0        6
..................................................................


WIND (MPH)
  HIGHEST WIND SPEED    20   HIGHEST WIND DIRECTION    SE (150)
  HIGHEST GUST SPEED    29   HIGHEST GUST DIRECTION    SE (130)
  AVERAGE WIND SPEED     7.4


SKY COVER
  AVERAGE SKY COVER 1.0



RELATIVE HUMIDITY (PERCENT)
 HIGHEST    82
 LOWEST     46
 AVERAGE    64

..........................................................


THE ALBANY NY CLIMATE NORMALS FOR TODAY
                         NORMAL    RECORD    YEAR
 MAXIMUM TEMPERATURE (F)   61        89      1923
 MINIMUM TEMPERATURE (F)   39        20      1875


SUNRISE AND SUNSET
APRIL 21 2015.........SUNRISE   605 AM EDT   SUNSET   744 PM EDT
APRIL 22 2015.........SUNRISE   603 AM EDT   SUNSET   745 PM EDT


-  INDICATES NEGATIVE NUMBERS.
R  INDICATES RECORD WAS SET OR TIED.
MM INDICATES DATA IS MISSING.
T  INDICATES TRACE AMOUNT.




$$
