000
CDUS41 KALY 280622
CLIALB


CLIMATE REPORT
NATIONAL WEATHER SERVICE ALBANY NY
221 AM EDT TUE APR 28 2015


...................................

...THE ALBANY NY CLIMATE SUMMARY FOR APRIL 27 2015...

CLIMATE NORMAL PERIOD 1981 TO 2010
CLIMATE RECORD PERIOD 1874 TO 2015


WEATHER ITEM   OBSERVED TIME   RECORD YEAR NORMAL DEPARTURE LAST
                VALUE   (LST)  VALUE       VALUE  FROM      YEAR
                                                  NORMAL
..................................................................
TEMPERATURE (F)
 YESTERDAY
  MAXIMUM         59    131 PM  91    1962  63     -4       53
  MINIMUM         44    539 AM  26    1963  41      3       40
  AVERAGE         52                        52      0       47

PRECIPITATION (IN)
  YESTERDAY        0.02          0.86 1979   0.10  -0.08      T
  MONTH TO DATE    2.10                      2.84  -0.74     1.82
  SINCE MAR 1      3.35                      6.05  -2.70     4.54
  SINCE JAN 1      7.67                     10.84  -3.17    10.33

SNOWFALL (IN)
  YESTERDAY        0.0           T    1946   0.0    0.0      0.0
  MONTH TO DATE    T                         2.2   -2.2      2.4
  SINCE MAR 1      5.3                      12.4   -7.1      8.3
  SINCE JUL 1     75.9                      58.9   17.0     73.5
  SNOW DEPTH       0

DEGREE DAYS
 HEATING
  YESTERDAY       13                        13      0       18
  MONTH TO DATE  486                       483      3      472
  SINCE MAR 1   1571                      1412    159     1619
  SINCE JUL 1   6701                      6356    345     6736

 COOLING
  YESTERDAY        0                         0      0        0
  MONTH TO DATE    0                         0      0        6
  SINCE MAR 1      0                         0      0        6
  SINCE JAN 1      0                         0      0        6
..................................................................


WIND (MPH)
  HIGHEST WIND SPEED    20   HIGHEST WIND DIRECTION    NW (320)
  HIGHEST GUST SPEED    25   HIGHEST GUST DIRECTION     N (10)
  AVERAGE WIND SPEED     8.2


SKY COVER
  AVERAGE SKY COVER 1.0



RELATIVE HUMIDITY (PERCENT)
 HIGHEST    65
 LOWEST     40
 AVERAGE    53

..........................................................


THE ALBANY NY CLIMATE NORMALS FOR TODAY
                         NORMAL    RECORD    YEAR
 MAXIMUM TEMPERATURE (F)   64        92      1990
 MINIMUM TEMPERATURE (F)   42        25      1947


SUNRISE AND SUNSET
APRIL 28 2015.........SUNRISE   554 AM EDT   SUNSET   752 PM EDT
APRIL 29 2015.........SUNRISE   553 AM EDT   SUNSET   753 PM EDT


-  INDICATES NEGATIVE NUMBERS.
R  INDICATES RECORD WAS SET OR TIED.
MM INDICATES DATA IS MISSING.
T  INDICATES TRACE AMOUNT.




$$
