000
CDUS41 KALY 150622
CLIALB


CLIMATE REPORT
NATIONAL WEATHER SERVICE ALBANY NY
221 AM EDT WED APR 15 2015


...................................

...THE ALBANY NY CLIMATE SUMMARY FOR APRIL 14 2015...

CLIMATE NORMAL PERIOD 1981 TO 2010
CLIMATE RECORD PERIOD 1874 TO 2015


WEATHER ITEM   OBSERVED TIME   RECORD YEAR NORMAL DEPARTURE LAST
                VALUE   (LST)  VALUE       VALUE  FROM      YEAR
                                                  NORMAL
..................................................................
TEMPERATURE (F)
 YESTERDAY
  MAXIMUM         66    155 PM  83    1968  58      8       78
  MINIMUM         48   1159 PM  19    1973  37     11       63
  AVERAGE         57                        47     10       71

PRECIPITATION (IN)
  YESTERDAY        T             1.20 1948   0.11  -0.11     0.00
  MONTH TO DATE    1.05                      1.52  -0.47     0.33
  SINCE MAR 1      2.30                      4.73  -2.43     3.05
  SINCE JAN 1      6.62                      9.52  -2.90     8.84

SNOWFALL (IN)
  YESTERDAY        0.0           1.4  1950   0.1   -0.1      0.0
  MONTH TO DATE    T                         1.6   -1.6       T
  SINCE MAR 1      5.3                      11.8   -6.5      5.9
  SINCE JUL 1     75.9                      58.3   17.6     71.1
  SNOW DEPTH       0

DEGREE DAYS
 HEATING
  YESTERDAY        8                        18    -10        0
  MONTH TO DATE  286                       287     -1      238
  SINCE MAR 1   1371                      1216    155     1385
  SINCE JUL 1   6501                      6160    341     6502

 COOLING
  YESTERDAY        0                         0      0        6
  MONTH TO DATE    0                         0      0        6
  SINCE MAR 1      0                         0      0        6
  SINCE JAN 1      0                         0      0        6
..................................................................


WIND (MPH)
  HIGHEST WIND SPEED    22   HIGHEST WIND DIRECTION    NW (310)
  HIGHEST GUST SPEED    29   HIGHEST GUST DIRECTION     W (270)
  AVERAGE WIND SPEED    11.5


SKY COVER
  AVERAGE SKY COVER 0.8



RELATIVE HUMIDITY (PERCENT)
 HIGHEST    68
 LOWEST     22
 AVERAGE    45

..........................................................


THE ALBANY NY CLIMATE NORMALS FOR TODAY
                         NORMAL    RECORD    YEAR
 MAXIMUM TEMPERATURE (F)   58        86      2003
 MINIMUM TEMPERATURE (F)   37        21      1940


SUNRISE AND SUNSET
APRIL 15 2015.........SUNRISE   614 AM EDT   SUNSET   737 PM EDT
APRIL 16 2015.........SUNRISE   613 AM EDT   SUNSET   738 PM EDT


-  INDICATES NEGATIVE NUMBERS.
R  INDICATES RECORD WAS SET OR TIED.
MM INDICATES DATA IS MISSING.
T  INDICATES TRACE AMOUNT.




$$
