000
CDUS41 KALY 230624
CLIALB


CLIMATE REPORT
NATIONAL WEATHER SERVICE ALBANY NY
223 AM EDT THU APR 23 2015


...................................

...THE ALBANY NY CLIMATE SUMMARY FOR APRIL 22 2015...

CLIMATE NORMAL PERIOD 1981 TO 2010
CLIMATE RECORD PERIOD 1874 TO 2015


WEATHER ITEM   OBSERVED TIME   RECORD YEAR NORMAL DEPARTURE LAST
                VALUE   (LST)  VALUE       VALUE  FROM      YEAR
                                                  NORMAL
..................................................................
TEMPERATURE (F)
 YESTERDAY
  MAXIMUM         60    119 PM  86    1985  61     -1       70
  MINIMUM         37    528 AM  20    1947  40     -3       50
  AVERAGE         49                        50     -1       60

PRECIPITATION (IN)
  YESTERDAY        0.26          1.68 1993   0.11   0.15     0.02
  MONTH TO DATE    2.08                      2.34  -0.26     1.07
  SINCE MAR 1      3.33                      5.55  -2.22     3.79
  SINCE JAN 1      7.65                     10.34  -2.69     9.58

SNOWFALL (IN)
  YESTERDAY        0.0           1.0  1928   0.1   -0.1      0.0
  MONTH TO DATE    T                         2.1   -2.1      2.4
  SINCE MAR 1      5.3                      12.3   -7.0      8.3
  SINCE JUL 1     75.9                      58.8   17.1     73.5
  SNOW DEPTH       0

DEGREE DAYS
 HEATING
  YESTERDAY       16                        15      1        5
  MONTH TO DATE  387                       415    -28      387
  SINCE MAR 1   1472                      1344    128     1534
  SINCE JUL 1   6602                      6288    314     6651

 COOLING
  YESTERDAY        0                         0      0        0
  MONTH TO DATE    0                         0      0        6
  SINCE MAR 1      0                         0      0        6
  SINCE JAN 1      0                         0      0        6
..................................................................


WIND (MPH)
  HIGHEST WIND SPEED    26   HIGHEST WIND DIRECTION    NW (310)
  HIGHEST GUST SPEED    39   HIGHEST GUST DIRECTION     S (190)
  AVERAGE WIND SPEED     9.1


SKY COVER
  AVERAGE SKY COVER 0.8



RELATIVE HUMIDITY (PERCENT)
 HIGHEST    89
 LOWEST     36
 AVERAGE    63

..........................................................


THE ALBANY NY CLIMATE NORMALS FOR TODAY
                         NORMAL    RECORD    YEAR
 MAXIMUM TEMPERATURE (F)   62        87      2007
                                             1902
 MINIMUM TEMPERATURE (F)   40        26      1975


SUNRISE AND SUNSET
APRIL 23 2015.........SUNRISE   602 AM EDT   SUNSET   746 PM EDT
APRIL 24 2015.........SUNRISE   600 AM EDT   SUNSET   747 PM EDT


-  INDICATES NEGATIVE NUMBERS.
R  INDICATES RECORD WAS SET OR TIED.
MM INDICATES DATA IS MISSING.
T  INDICATES TRACE AMOUNT.




$$
