000
CDUS41 KALY 120622
CLIALB


CLIMATE REPORT
NATIONAL WEATHER SERVICE ALBANY NY
221 AM EDT SUN APR 12 2015


...................................

...THE ALBANY NY CLIMATE SUMMARY FOR APRIL 11 2015...

CLIMATE NORMAL PERIOD 1981 TO 2010
CLIMATE RECORD PERIOD 1874 TO 2015


WEATHER ITEM   OBSERVED TIME   RECORD YEAR NORMAL DEPARTURE LAST
                VALUE   (LST)  VALUE       VALUE  FROM      YEAR
                                                  NORMAL
..................................................................
TEMPERATURE (F)
 YESTERDAY
  MAXIMUM         50   1254 PM  82    2011  56     -6       66
                                      1945
  MINIMUM         31   1159 PM  20    1874  36     -5       40
  AVERAGE         41                        46     -5       53

PRECIPITATION (IN)
  YESTERDAY        0.00          0.97 1878   0.11  -0.11     0.14
  MONTH TO DATE    1.05                      1.19  -0.14     0.30
  SINCE MAR 1      2.30                      4.40  -2.10     3.02
  SINCE JAN 1      6.62                      9.19  -2.57     8.81

SNOWFALL (IN)
  YESTERDAY        0.0           1.7  1942   0.1   -0.1      0.0
  MONTH TO DATE    T                         1.3   -1.3       T
  SINCE MAR 1      5.3                      11.5   -6.2      5.9
  SINCE JUL 1     75.9                      58.0   17.9     71.1
  SNOW DEPTH       0

DEGREE DAYS
 HEATING
  YESTERDAY       24                        19      5       12
  MONTH TO DATE  252                       232     20      219
  SINCE MAR 1   1337                      1161    176     1366
  SINCE JUL 1   6467                      6105    362     6483

 COOLING
  YESTERDAY        0                         0      0        0
  MONTH TO DATE    0                         0      0        0
  SINCE MAR 1      0                         0      0        0
  SINCE JAN 1      0                         0      0        0
..................................................................


WIND (MPH)
  HIGHEST WIND SPEED    32   HIGHEST WIND DIRECTION     W (290)
  HIGHEST GUST SPEED    42   HIGHEST GUST DIRECTION     W (280)
  AVERAGE WIND SPEED    13.9


SKY COVER
  AVERAGE SKY COVER 0.6



RELATIVE HUMIDITY (PERCENT)
 HIGHEST    65
 LOWEST     41
 AVERAGE    53

..........................................................


THE ALBANY NY CLIMATE NORMALS FOR TODAY
                         NORMAL    RECORD    YEAR
 MAXIMUM TEMPERATURE (F)   57        84      1977
 MINIMUM TEMPERATURE (F)   36        13      1874


SUNRISE AND SUNSET
APRIL 12 2015.........SUNRISE   619 AM EDT   SUNSET   734 PM EDT
APRIL 13 2015.........SUNRISE   618 AM EDT   SUNSET   735 PM EDT


-  INDICATES NEGATIVE NUMBERS.
R  INDICATES RECORD WAS SET OR TIED.
MM INDICATES DATA IS MISSING.
T  INDICATES TRACE AMOUNT.




$$
