000
CDUS41 KALY 292045
CLIALB


CLIMATE REPORT
NATIONAL WEATHER SERVICE ALBANY NY
445 PM EDT WED APR 29 2015


...................................

...THE ALBANY NY CLIMATE SUMMARY FOR APRIL 29 2015...
VALID TODAY AS OF 0400 PM LOCAL TIME.

CLIMATE NORMAL PERIOD 1981 TO 2010
CLIMATE RECORD PERIOD 1874 TO 2015


WEATHER ITEM   OBSERVED TIME   RECORD YEAR NORMAL DEPARTURE LAST
                VALUE   (LST)  VALUE       VALUE  FROM      YEAR
                                                  NORMAL
..................................................................
TEMPERATURE (F)
 TODAY
  MAXIMUM         73    313 PM  88    1888  64      9       54
  MINIMUM         47    516 AM  27    1947  42      5       41
  AVERAGE         60                        53      7       48

PRECIPITATION (IN)
  TODAY            0.00          1.00 1996   0.11  -0.11     0.16
  MONTH TO DATE    2.10                      3.06  -0.96     1.98
  SINCE MAR 1      3.35                      6.27  -2.92     4.70
  SINCE JAN 1      7.67                     11.06  -3.39    10.49

SNOWFALL (IN)
  TODAY            0.0           1.0  1885   0.0    0.0      0.0
  MONTH TO DATE    T                         2.3   -2.3      2.4
  SINCE MAR 1      5.3                      12.5   -7.2      8.3
  SINCE JUL 1     75.9                      59.0   16.9     73.5
  SNOW DEPTH       0

DEGREE DAYS
 HEATING
  TODAY            5                        12     -7       17
  MONTH TO DATE  502                       508     -6      504
  SINCE MAR 1   1587                      1437    150     1651
  SINCE JUL 1   6717                      6381    336     6768

 COOLING
  TODAY            0                         0      0        0
  MONTH TO DATE    0                         0      0        6
  SINCE MAR 1      0                         0      0        6
  SINCE JAN 1      0                         0      0        6
..................................................................


WIND (MPH)
  HIGHEST WIND SPEED    20   HIGHEST WIND DIRECTION     W (290)
  HIGHEST GUST SPEED    24   HIGHEST GUST DIRECTION    NW (300)
  AVERAGE WIND SPEED     8.9


SKY COVER
  AVERAGE SKY COVER 0.3



RELATIVE HUMIDITY (PERCENT)
 HIGHEST    66           500 AM
 LOWEST     25           100 PM
 AVERAGE    46

..........................................................


THE ALBANY NY CLIMATE NORMALS FOR TOMORROW
                         NORMAL    RECORD    YEAR
 MAXIMUM TEMPERATURE (F)   64        86      1903
 MINIMUM TEMPERATURE (F)   42        25      1874


SUNRISE AND SUNSET
APRIL 29 2015.........SUNRISE   553 AM EDT   SUNSET   753 PM EDT
APRIL 30 2015.........SUNRISE   551 AM EDT   SUNSET   754 PM EDT


-  INDICATES NEGATIVE NUMBERS.
R  INDICATES RECORD WAS SET OR TIED.
MM INDICATES DATA IS MISSING.
T  INDICATES TRACE AMOUNT.




$$
