000
CDUS41 KALY 240621
CLIALB


CLIMATE REPORT
NATIONAL WEATHER SERVICE ALBANY NY
221 AM EDT TUE MAR 24 2015


...................................

...THE ALBANY NY CLIMATE SUMMARY FOR MARCH 23 2015...

CLIMATE NORMAL PERIOD 1981 TO 2010
CLIMATE RECORD PERIOD 1874 TO 2015


WEATHER ITEM   OBSERVED TIME   RECORD YEAR NORMAL DEPARTURE LAST
                VALUE   (LST)  VALUE       VALUE  FROM      YEAR
                                                  NORMAL
..................................................................
TEMPERATURE (F)
 YESTERDAY
  MAXIMUM         28    351 PM  80    1938  47    -19       35
  MINIMUM         14    615 AM  -4    1875  28    -14       18
  AVERAGE         21                        38    -17       27

PRECIPITATION (IN)
  YESTERDAY        0.00          1.19 1903   0.11  -0.11      T
  MONTH TO DATE    0.38                      2.35  -1.97     0.98
  SINCE MAR 1      0.38                      2.35  -1.97     0.98
  SINCE JAN 1      4.70                      7.14  -2.44     6.77

SNOWFALL (IN)
  YESTERDAY        0.0           2.7  2005   0.3   -0.3       T
  MONTH TO DATE    3.2                       8.5   -5.3      5.9
  SINCE MAR 1      3.2                       8.5   -5.3      5.9
  SINCE JUL 1     73.8                      55.0   18.8     71.1
  SNOW DEPTH       0

DEGREE DAYS
 HEATING
  YESTERDAY       44                        27     17       38
  MONTH TO DATE  834                       725    109      894
  SINCE MAR 1    834                       725    109      894
  SINCE JUL 1   5964                      5669    295     6011

 COOLING
  YESTERDAY        0                         0      0        0
  MONTH TO DATE    0                         0      0        0
  SINCE MAR 1      0                         0      0        0
  SINCE JAN 1      0                         0      0        0
..................................................................


WIND (MPH)
  HIGHEST WIND SPEED    23   HIGHEST WIND DIRECTION     W (290)
  HIGHEST GUST SPEED    31   HIGHEST GUST DIRECTION     W (290)
  AVERAGE WIND SPEED    12.3


SKY COVER
  AVERAGE SKY COVER 0.1



RELATIVE HUMIDITY (PERCENT)
 HIGHEST    58
 LOWEST     26
 AVERAGE    42

..........................................................


THE ALBANY NY CLIMATE NORMALS FOR TODAY
                         NORMAL    RECORD    YEAR
 MAXIMUM TEMPERATURE (F)   48        69      1976
 MINIMUM TEMPERATURE (F)   29         0      1875


SUNRISE AND SUNSET
MARCH 24 2015.........SUNRISE   652 AM EDT   SUNSET   712 PM EDT
MARCH 25 2015.........SUNRISE   650 AM EDT   SUNSET   713 PM EDT


-  INDICATES NEGATIVE NUMBERS.
R  INDICATES RECORD WAS SET OR TIED.
MM INDICATES DATA IS MISSING.
T  INDICATES TRACE AMOUNT.




$$
