000
CDUS41 KALY 080626
CLIALB


CLIMATE REPORT
NATIONAL WEATHER SERVICE ALBANY NY
226 AM EDT WED APR 8 2015


...................................

...THE ALBANY NY CLIMATE SUMMARY FOR APRIL 7 2015...

CLIMATE NORMAL PERIOD 1981 TO 2010
CLIMATE RECORD PERIOD 1874 TO 2015


WEATHER ITEM   OBSERVED TIME   RECORD YEAR NORMAL DEPARTURE LAST
                VALUE   (LST)  VALUE       VALUE  FROM      YEAR
                                                  NORMAL
..................................................................
TEMPERATURE (F)
 YESTERDAY
  MAXIMUM         48    427 PM  87    2010  55     -7       56
                                      1991
  MINIMUM         38   1159 PM  13    1982  34      4       29
  AVERAGE         43                        44     -1       43

PRECIPITATION (IN)
  YESTERDAY        0.01          1.29 1924   0.11  -0.10     0.01
  MONTH TO DATE    0.38                      0.75  -0.37     0.12
  SINCE MAR 1      1.63                      3.96  -2.33     2.84
  SINCE JAN 1      5.95                      8.75  -2.80     8.63

SNOWFALL (IN)
  YESTERDAY        0.0           3.2  1896   0.1   -0.1      0.0
  MONTH TO DATE    T                         0.9   -0.9       T
  SINCE MAR 1      5.3                      11.1   -5.8      5.9
  SINCE JUL 1     75.9                      57.6   18.3     71.1
  SNOW DEPTH       0

DEGREE DAYS
 HEATING
  YESTERDAY       22                        21      1       22
  MONTH TO DATE  153                       154     -1      156
  SINCE MAR 1   1238                      1083    155     1303
  SINCE JUL 1   6368                      6027    341     6420

 COOLING
  YESTERDAY        0                         0      0        0
  MONTH TO DATE    0                         0      0        0
  SINCE MAR 1      0                         0      0        0
  SINCE JAN 1      0                         0      0        0
..................................................................


WIND (MPH)
  HIGHEST WIND SPEED    16   HIGHEST WIND DIRECTION     N (10)
  HIGHEST GUST SPEED    23   HIGHEST GUST DIRECTION     N (20)
  AVERAGE WIND SPEED     9.2


SKY COVER
  AVERAGE SKY COVER 1.0



RELATIVE HUMIDITY (PERCENT)
 HIGHEST    79
 LOWEST     34
 AVERAGE    57

..........................................................


THE ALBANY NY CLIMATE NORMALS FOR TODAY
                         NORMAL    RECORD    YEAR
 MAXIMUM TEMPERATURE (F)   55        88      1929
 MINIMUM TEMPERATURE (F)   35        19      1982


SUNRISE AND SUNSET
APRIL  8 2015.........SUNRISE   626 AM EDT   SUNSET   729 PM EDT
APRIL  9 2015.........SUNRISE   624 AM EDT   SUNSET   730 PM EDT


-  INDICATES NEGATIVE NUMBERS.
R  INDICATES RECORD WAS SET OR TIED.
MM INDICATES DATA IS MISSING.
T  INDICATES TRACE AMOUNT.




$$
