000
CDUS41 KALY 060627
CLIALB


CLIMATE REPORT
NATIONAL WEATHER SERVICE ALBANY NY
227 AM EDT MON APR 6 2015


...................................

...THE ALBANY NY CLIMATE SUMMARY FOR APRIL 5 2015...

CLIMATE NORMAL PERIOD 1981 TO 2010
CLIMATE RECORD PERIOD 1874 TO 2015


WEATHER ITEM   OBSERVED TIME   RECORD YEAR NORMAL DEPARTURE LAST
                VALUE   (LST)  VALUE       VALUE  FROM      YEAR
                                                  NORMAL
..................................................................
TEMPERATURE (F)
 YESTERDAY
  MAXIMUM         42    918 AM  82    1928  54    -12       47
  MINIMUM         25    304 AM  15    1982  33     -8       36
  AVERAGE         34                        44    -10       42

PRECIPITATION (IN)
  YESTERDAY        T             1.24 1952   0.11  -0.11     0.01
  MONTH TO DATE    0.37                      0.54  -0.17     0.11
  SINCE MAR 1      1.62                      3.75  -2.13     2.83
  SINCE JAN 1      5.94                      8.54  -2.60     8.62

SNOWFALL (IN)
  YESTERDAY        T             1.1  1914   0.1   -0.1       T
  MONTH TO DATE    T                         0.6   -0.6       T
  SINCE MAR 1      5.3                      10.8   -5.5      5.9
  SINCE JUL 1     75.9                      57.3   18.6     71.1
  SNOW DEPTH       0

DEGREE DAYS
 HEATING
  YESTERDAY       31                        22      9       23
  MONTH TO DATE  114                       112      2      112
  SINCE MAR 1   1199                      1041    158     1259
  SINCE JUL 1   6329                      5985    344     6376

 COOLING
  YESTERDAY        0                         0      0        0
  MONTH TO DATE    0                         0      0        0
  SINCE MAR 1      0                         0      0        0
  SINCE JAN 1      0                         0      0        0
..................................................................


WIND (MPH)
  HIGHEST WIND SPEED    25   HIGHEST WIND DIRECTION     W (280)
  HIGHEST GUST SPEED    35   HIGHEST GUST DIRECTION     W (280)
  AVERAGE WIND SPEED     9.5


SKY COVER
  AVERAGE SKY COVER 0.6



RELATIVE HUMIDITY (PERCENT)
 HIGHEST    75
 LOWEST     22
 AVERAGE    49

..........................................................


THE ALBANY NY CLIMATE NORMALS FOR TODAY
                         NORMAL    RECORD    YEAR
 MAXIMUM TEMPERATURE (F)   54        82      1921
 MINIMUM TEMPERATURE (F)   34        14      1943


SUNRISE AND SUNSET
APRIL  6 2015.........SUNRISE   629 AM EDT   SUNSET   727 PM EDT
APRIL  7 2015.........SUNRISE   628 AM EDT   SUNSET   728 PM EDT


-  INDICATES NEGATIVE NUMBERS.
R  INDICATES RECORD WAS SET OR TIED.
MM INDICATES DATA IS MISSING.
T  INDICATES TRACE AMOUNT.




$$
