000
CDUS41 KALY 180622
CLIALB


CLIMATE REPORT
NATIONAL WEATHER SERVICE ALBANY NY
221 AM EDT SAT APR 18 2015


...................................

...THE ALBANY NY CLIMATE SUMMARY FOR APRIL 17 2015...

CLIMATE NORMAL PERIOD 1981 TO 2010
CLIMATE RECORD PERIOD 1874 TO 2015


WEATHER ITEM   OBSERVED TIME   RECORD YEAR NORMAL DEPARTURE LAST
                VALUE   (LST)  VALUE       VALUE  FROM      YEAR
                                                  NORMAL
..................................................................
TEMPERATURE (F)
 YESTERDAY
  MAXIMUM         66    352 PM  91    2002  59      7       53
  MINIMUM         47   1159 PM  21    1971  38      9       26
  AVERAGE         57                        49      8       40

PRECIPITATION (IN)
  YESTERDAY        0.11          0.78 1880   0.10   0.01     0.00
  MONTH TO DATE    1.16                      1.83  -0.67     1.05
  SINCE MAR 1      2.41                      5.04  -2.63     3.77
  SINCE JAN 1      6.73                      9.83  -3.10     9.56

SNOWFALL (IN)
  YESTERDAY        0.0           0.3  1965   0.1   -0.1      0.0
  MONTH TO DATE    T                         1.8   -1.8      2.4
  SINCE MAR 1      5.3                      12.0   -6.7      8.3
  SINCE JUL 1     75.9                      58.5   17.4     73.5
  SNOW DEPTH       0

DEGREE DAYS
 HEATING
  YESTERDAY        8                        17     -9       25
  MONTH TO DATE  322                       338    -16      311
  SINCE MAR 1   1407                      1267    140     1458
  SINCE JUL 1   6537                      6211    326     6575

 COOLING
  YESTERDAY        0                         0      0        0
  MONTH TO DATE    0                         0      0        6
  SINCE MAR 1      0                         0      0        6
  SINCE JAN 1      0                         0      0        6
..................................................................


WIND (MPH)
  HIGHEST WIND SPEED    20   HIGHEST WIND DIRECTION     W (270)
  HIGHEST GUST SPEED    27   HIGHEST GUST DIRECTION    NW (320)
  AVERAGE WIND SPEED     9.2


SKY COVER
  AVERAGE SKY COVER 0.7



RELATIVE HUMIDITY (PERCENT)
 HIGHEST    89
 LOWEST     43
 AVERAGE    66

..........................................................


THE ALBANY NY CLIMATE NORMALS FOR TODAY
                         NORMAL    RECORD    YEAR
 MAXIMUM TEMPERATURE (F)   60        90      1976
 MINIMUM TEMPERATURE (F)   38        21      1948


SUNRISE AND SUNSET
APRIL 18 2015.........SUNRISE   609 AM EDT   SUNSET   740 PM EDT
APRIL 19 2015.........SUNRISE   608 AM EDT   SUNSET   742 PM EDT


-  INDICATES NEGATIVE NUMBERS.
R  INDICATES RECORD WAS SET OR TIED.
MM INDICATES DATA IS MISSING.
T  INDICATES TRACE AMOUNT.




$$
